{"id":3428,"date":"2020-12-16T16:00:16","date_gmt":"2020-12-16T19:00:16","guid":{"rendered":"https:\/\/dql.cup.edu.uy\/?page_id=3428"},"modified":"2020-12-16T23:37:18","modified_gmt":"2020-12-17T02:37:18","slug":"jornadas-leptospirosis-2020","status":"publish","type":"page","link":"https:\/\/dql.cup.edu.uy\/index.php\/jornadas-leptospirosis-2020\/","title":{"rendered":"Jornadas de Divulgaci\u00f3n \u00abLeptospirosis: diagn\u00f3stico y vacunas, una mirada qu\u00edmica\u00bb"},"content":{"rendered":"<div class=\"entry-content\" itemprop=\"text\">\n<p>&nbsp;<\/p>\n<div class=\"page\" title=\"Page 1\">\n<div class=\"section\">\n<div class=\"layoutArea\">\n<div class=\"column\">\n<h2 style=\"text-align: justify;\"><strong>Jornadas de Divulgaci\u00f3n<\/strong><\/h2>\n<p style=\"text-align: justify;\">Comit\u00e9 organizador:\u00a0Florencia Luzardo, Andre\u00edna Blanco\u00a0e\u00a0In\u00e9s Telles<\/p>\n<p style=\"text-align: justify;\">Este taller estuvo compuesto\u00a0de cinco charlas informativas relacionadas con este proyecto de investigaci\u00f3n<em>, <\/em>y se dict\u00f3 a trav\u00e9s de plataforma Zoom entre el 10 y 11 de\u00a0Julio de 2020.\u00a0<span lang=\"ES-UY\">En cada charla participaron aproximadamente 19 personas, en su mayor\u00eda docentes y estudiantes de secundaria, as\u00ed como tambi\u00e9n algunos veterinarios, enfermeros y productores rurales.<\/span><\/p>\n<div class=\"page\" title=\"Page 1\">\n<div class=\"section\">\n<div class=\"layoutArea\">\n<div class=\"column\">\n<p style=\"text-align: justify;\"><a href=\"https:\/\/dql.cup.edu.uy\/wp-content\/uploads\/2020\/07\/taller-4.jpg\"><img loading=\"lazy\" decoding=\"async\" class=\"aligncenter wp-image-3249 size-medium\" src=\"https:\/\/dql.cup.edu.uy\/wp-content\/uploads\/2020\/07\/taller-4-182x300.jpg\" alt=\"\" width=\"182\" height=\"300\" srcset=\"https:\/\/dql.cup.edu.uy\/wp-content\/uploads\/2020\/07\/taller-4-182x300.jpg 182w, https:\/\/dql.cup.edu.uy\/wp-content\/uploads\/2020\/07\/taller-4-768x1265.jpg 768w, https:\/\/dql.cup.edu.uy\/wp-content\/uploads\/2020\/07\/taller-4-622x1024.jpg 622w\" sizes=\"auto, (max-width: 182px) 100vw, 182px\" \/><\/a><\/p>\n<p style=\"text-align: justify;\"><strong>\u00a0Viernes 10 de Julio de 2020:<\/strong><\/p>\n<table style=\"width: 640.75732421875px;\">\n<tbody>\n<tr>\n<td style=\"width: 106px;\">18:30-19:15<\/td>\n<td style=\"width: 528.75732421875px; text-align: justify;\"><a href=\"https:\/\/www.dropbox.com\/sh\/8vtru2cmv64z3jq\/AADbw4-zYfxFXZ9LFzq0xrvRa?dl=0\">\u00ab<strong>Leptospirosis, una enfermedad infecciosa olvidada\u00bb <\/strong><\/a>&#8211;<strong>\u00a0<\/strong>Dr. Gustavo Varela (Prof. Titular, Departamento de Bacteriolog\u00eda y Virolog\u00eda Instituto de Higiene, Facultad de Medicina, UdelaR)<\/td>\n<\/tr>\n<tr>\n<td style=\"width: 106px;\">19:15-20:00<\/td>\n<td style=\"width: 528.75732421875px; text-align: justify;\"><strong>\u00abSaponinas: usos y propiedades\u00bb<\/strong> &#8211; Dr. Fernando Ferreira (Prof. Titular, Laboratorio de Carbohidratos y Glicoconjugados,\u00a0Departamento de Qu\u00edmica Org\u00e1nica, Facultad de Qu\u00edmica, UdelaR)<\/td>\n<\/tr>\n<tr>\n<td style=\"width: 106px;\">20:00-20:45<\/td>\n<td style=\"width: 528.75732421875px; text-align: justify;\"><a href=\"https:\/\/dql.cup.edu.uy\/index.php\/polisacaridos-de-leptospira-materia-prima-para-el-diseno-de-vacunas-y-metodos-de-diagnostico\/\"><strong>\u00abPolisac\u00e1ridos de <em>Leptospira<\/em>: materia prima para el dise\u00f1o de vacunas y m\u00e9todos de diagn\u00f3stico\u00bb<\/strong><\/a> &#8211; Dra. Carolina Fontana (Prof. Adjunto, Laboratorio de Espectroscop\u00eda y Fisicoqu\u00edmica Org\u00e1nica, Departamento de Qu\u00edmica del Litoral, CENUR-Litoral Norte, UdelaR).<\/td>\n<\/tr>\n<\/tbody>\n<\/table>\n<p style=\"text-align: justify;\"><strong>S\u00e1bado\u00a011 de Julio de 2020:<\/strong><\/p>\n<\/div>\n<\/div>\n<\/div>\n<\/div>\n<\/div>\n<\/div>\n<\/div>\n<\/div>\n<table style=\"width: 640px;\">\n<tbody>\n<tr>\n<td style=\"width: 106.70108795166016px;\">10:00-10:30<\/td>\n<td style=\"width: 531.2989120483398px;\"><a href=\"https:\/\/dql.cup.edu.uy\/index.php\/2020\/07\/14\/introduccion-a-conceptos-basicos-de-conformaciones-de-monosacaridos\/\"><strong>\u00abIntroducci\u00f3n a conceptos b\u00e1sicos de conformaciones de monosac\u00e1ridos\u00bb <\/strong><\/a>&#8211; Sra. Andre\u00edna Blanco (Estudiante de la carrera de Maestr\u00eda en Qu\u00edmica orientaci\u00f3n Educaci\u00f3n (Facultad de Qu\u00edmica), y Ayudante del Departamento de Qu\u00edmica del Litoral, CENUR Litoral Norte, UdelaR)<\/td>\n<\/tr>\n<tr>\n<td style=\"width: 106.70108795166016px;\">10:30-11:00<\/td>\n<td style=\"width: 531.2989120483398px;\"><a href=\"https:\/\/dql.cup.edu.uy\/index.php\/2020\/07\/14\/breve-introduccion-a-las-infecciones-respuesta-inmune\/\"><strong>\u00abBreve introducci\u00f3n a las infecciones, respuesta inmune\u00bb <\/strong><\/a>&#8211; Sr.\u00a0Gualberto Bottini (Estudiante de la carrera de Licenciatura\u00a0en Qu\u00edmica (Facultad de Qu\u00edmica), y \u00a0Ayudante Departamento de Qu\u00edmica del Litoral, CENUR Litoral Norte, UdelaR)<\/td>\n<\/tr>\n<\/tbody>\n<\/table>\n<div class=\"page\" title=\"Page 1\">\n<div class=\"section\">\n<div class=\"layoutArea\">\n<div class=\"column\">\n<hr \/>\n<\/div>\n<\/div>\n<\/div>\n<\/div>\n<h2><strong>Talleres con estudiantes\u00a0de secundaria<\/strong><\/h2>\n<p style=\"text-align: justify;\">Comit\u00e9 organizador: Florencia Luzardo, Andre\u00edna Blanco, In\u00e9s Telles, Diego Llona, Gualberto Bottini y Cintya Perdomo.<\/p>\n<p style=\"text-align: justify;\">Se dictaron las siguientes charlas (15 min cada una) para ocho grupos de secundaria de los departamentos de Salto y Paysand\u00fa:<\/p>\n<ul style=\"text-align: justify;\">\n<li><span lang=\"ES-UY\"><a href=\"https:\/\/www.dropbox.com\/s\/hzd23t9x79qgnqw\/Presentaci%C3%B3n_Telles_Llona.pdf?dl=0https:\/\/www.dropbox.com\/s\/hzd23t9x79qgnqw\/Presentaci%C3%B3n_Telles_Llona.pdf?dl=0\">\u201cCarbohidratos Bajo la Lupa\u201d<\/a> &#8211; Qca. In\u00e9s Telles y Sr. Juan Diego Llona.<\/span><\/li>\n<li><span lang=\"ES-UY\"><a href=\"https:\/\/www.dropbox.com\/s\/sor1xw1m3lwx1ym\/Presentaci%C3%B3n_Cintya_Perdomo.pdf?dl=0\">\u201c<em>Leptospirosis<\/em> y nuestras mascotas\u201d <\/a>&#8211; Mag. Cintya Perdomo.<\/span><\/li>\n<li><span lang=\"ES-UY\"><a href=\"https:\/\/dql.cup.edu.uy\/index.php\/2020\/07\/14\/breve-introduccion-a-las-infecciones-respuesta-inmune\/\">\u201cBreve introducci\u00f3n a las infecciones, respuesta inmune\u201d<\/a> &#8211; Sr. Gualberto Bottini. <\/span><\/li>\n<\/ul>\n<p style=\"text-align: justify;\">Adem\u00e1s, a\u00a0cada estudiante se le entrego un kit compuesto por un tapaboca con el logo del proyecto, un folleto con informaci\u00f3n sobre prevenci\u00f3n de la enfermedad de\u00a0<em>Leptospirosis,<\/em> una carpeta para apuntes y una lapicera con los datos del proyecto.<\/p>\n<div id='gallery-1' class='gallery galleryid-3428 gallery-columns-3 gallery-size-large'><figure class='gallery-item'>\n\t\t\t<div class='gallery-icon landscape'>\n\t\t\t\t<a rel='attachment' href='https:\/\/dql.cup.edu.uy\/wp-content\/uploads\/2020\/07\/Folleto-Lepto1.png'><img loading=\"lazy\" decoding=\"async\" width=\"640\" height=\"494\" src=\"https:\/\/dql.cup.edu.uy\/wp-content\/uploads\/2020\/07\/Folleto-Lepto1-1024x791.png\" class=\"attachment-large size-large\" alt=\"\" srcset=\"https:\/\/dql.cup.edu.uy\/wp-content\/uploads\/2020\/07\/Folleto-Lepto1-1024x791.png 1024w, https:\/\/dql.cup.edu.uy\/wp-content\/uploads\/2020\/07\/Folleto-Lepto1-300x232.png 300w, https:\/\/dql.cup.edu.uy\/wp-content\/uploads\/2020\/07\/Folleto-Lepto1-768x593.png 768w, https:\/\/dql.cup.edu.uy\/wp-content\/uploads\/2020\/07\/Folleto-Lepto1.png 2000w\" sizes=\"auto, (max-width: 640px) 100vw, 640px\" \/><\/a>\n\t\t\t<\/div><\/figure><figure class='gallery-item'>\n\t\t\t<div class='gallery-icon landscape'>\n\t\t\t\t<a rel='attachment' href='https:\/\/dql.cup.edu.uy\/wp-content\/uploads\/2020\/07\/Folleto-Lepto.png'><img loading=\"lazy\" decoding=\"async\" width=\"640\" height=\"494\" src=\"https:\/\/dql.cup.edu.uy\/wp-content\/uploads\/2020\/07\/Folleto-Lepto-1024x791.png\" class=\"attachment-large size-large\" alt=\"\" srcset=\"https:\/\/dql.cup.edu.uy\/wp-content\/uploads\/2020\/07\/Folleto-Lepto-1024x791.png 1024w, https:\/\/dql.cup.edu.uy\/wp-content\/uploads\/2020\/07\/Folleto-Lepto-300x232.png 300w, https:\/\/dql.cup.edu.uy\/wp-content\/uploads\/2020\/07\/Folleto-Lepto-768x593.png 768w, https:\/\/dql.cup.edu.uy\/wp-content\/uploads\/2020\/07\/Folleto-Lepto.png 2000w\" sizes=\"auto, (max-width: 640px) 100vw, 640px\" \/><\/a>\n\t\t\t<\/div><\/figure>\n\t\t<\/div>\n\n<p style=\"text-align: justify;\"><span lang=\"ES-UY\">Siete de los ocho grupos de secundaria que participaron en los talleres confeccionaron un p\u00f3ster sobre los temas trabajados. Lo p\u00f3steres impresos fueron enviados a los centros educativos, en donde\u00a0los estudiantes\u00a0realizaron una\u00a0defensa de los\u00a0mismos.\u00a0De las nueve postulaciones se seleccionaron los dos mejores trabajos, y se dieron tres menciones especiales:\u00a0<\/span><\/p>\n<ol>\n<li style=\"text-align: left;\"><span style=\"color: #000000;\">5to Biol\u00f3gica 7 del Liceo N\u00b01 (Salto) &#8211;\u00a0docente\u00a0Andrea Baratta &#8211; 4 alumnos.<strong>\u00a0<span style=\"color: #ff6600;\"><a style=\"color: #ff6600;\" href=\"https:\/\/www.dropbox.com\/s\/8r101vzpw91k6dz\/5to%20IPOLL.pdf?dl=0\">P\u00d3STER<\/a>\u00a0<\/span><\/strong><\/span>(13\/08\/2020)<\/li>\n<li style=\"text-align: left;\"><span style=\"color: #000000;\">6to F\u00edsico-Matem\u00e1tico 1 del Liceo N\u00b01 (Salto) &#8211;\u00a0docente\u00a0Enzo Fagundez &#8211; 25 alumnos.\u00a0(14\/08\/2020)\u00a0<\/span><\/li>\n<li style=\"text-align: left;\"><span style=\"color: #000000;\">6to Medicina del Colegio Crandon (Salto) &#8211;\u00a0docente Serrana Duarte &#8211; 12 alumnos.<strong>\u00a0<a href=\"https:\/\/www.dropbox.com\/s\/srqfeci24wxdijd\/6to.Crandon.pdf?dl=0\"><span style=\"color: #ff6600;\">P\u00d3STER<\/span><\/a><\/strong><\/span><span style=\"color: #000000;\">\u00a0(14\/08\/2020)<\/span><\/li>\n<li style=\"text-align: left;\"><span style=\"color: #000000;\"> 6to de Medicina del Liceo de Villa Constituci\u00f3n (Salto) &#8211;\u00a0docente\u00a0Lourdes Nu\u00f1ez &#8211; 29 alumnos.<strong>\u00a0<a href=\"https:\/\/www.dropbox.com\/s\/zievmci68i56vyh\/6to.Constitucion.pdf?dl=0\"><span style=\"color: #ff6600;\">P\u00d3STER<\/span><\/a><\/strong><\/span><span style=\"color: #000000;\">\u00a0(<span style=\"color: #00ff00;\"><span style=\"caret-color: #00ff00;\"><b>MENCI\u00d3N ESPECIAL<\/b><\/span><\/span>) (14\/08\/2020)<\/span><\/li>\n<li style=\"text-align: left;\"><span style=\"color: #000000;\">6to de Medicina del Liceo N 3 Jose Pereira Rodr\u00edguez (Salto) &#8211;\u00a0docente Ariel Godoy &#8211; 28 alumnos. <strong>\u00a0<a href=\"https:\/\/www.dropbox.com\/s\/xanuq9cad6h1xe6\/6to.Liceo%203.Medicina%201.pdf?dl=0\"><span style=\"color: #ff6600;\">P\u00d3STER 1 <\/span><\/a><\/strong>(11\/08\/2020) y<strong>\u00a0<a href=\"https:\/\/www.dropbox.com\/s\/z1ykkhi5nbhi459\/Liceo%203.%20Medicina%202.pdf?dl=0\"><span style=\"color: #ff6600;\">P\u00d3STER 2<\/span><\/a>\u00a0<\/strong>(14\/08\/2020)<\/span><\/li>\n<li style=\"text-align: left;\"><span style=\"color: #000000;\">3ero BF EMT Agrario de la Escuela de Administraci\u00f3n de\u00a0UTU (Salto) &#8211; docente Ariel Godoy &#8211; 18 alumnos.\u00a0<a href=\"https:\/\/www.dropbox.com\/s\/wlj7lds37yz3lk2\/6to.UTU.1.pdf?dl=0\"><span style=\"color: #ff6600;\"><strong>P\u00d3STER 1 <\/strong><\/span><\/a>(<\/span><span style=\"color: #00ff00;\"><span style=\"caret-color: #00ff00;\"><b>MENCI\u00d3N ESPECIAL<\/b><\/span><\/span><span style=\"color: #000000;\">) (14\/08\/2020) y<\/span><strong style=\"color: #000000;\">\u00a0<a href=\"https:\/\/www.dropbox.com\/s\/0upiwpgil66ex9o\/6to.UTU.2.pdf?dl=0\"><span style=\"color: #ff6600;\">P\u00d3STER 2<\/span><\/a>\u00a0<\/strong><span style=\"color: #000000;\">(<strong><span style=\"color: #00ff00;\">2DO PREMIO<\/span><\/strong>) (14\/08\/2020)<\/span><\/li>\n<li style=\"text-align: left;\"><span style=\"color: #000000;\">6to Medicina 4 del Liceo N\u00b0 7 (Paysand\u00fa) &#8211;\u00a0docente Maria Marta Guarino &#8211; 28 alumnos.\u00a0<a href=\"https:\/\/www.dropbox.com\/s\/wzpqm5wfov0fnkj\/6to.Liceo7.Pd%C3%BA.pdf?dl=0\"><span style=\"color: #ff6600;\"><strong>P\u00d3STER<\/strong><\/span><\/a><\/span><span style=\"color: #000000;\">\u00a0(<span style=\"color: #00ff00;\"><span style=\"caret-color: #00ff00;\"><b>MENCI\u00d3N ESPECIAL<\/b><\/span><\/span>) (18\/08\/2020)<\/span><\/li>\n<li style=\"text-align: left;\"><span style=\"color: #000000;\">6to Medicina del Liceo de Quebracho (Paysand\u00fa) &#8211;\u00a0docente Milagro Mart\u00ednez &#8211; 15 alumnos.\u00a0<a href=\"https:\/\/www.dropbox.com\/s\/lm1e7q7p2wyp8nv\/6to.Liceo%20Quebracho.pdf?dl=0\"><span style=\"color: #ff6600;\"><strong>P\u00d3STER<\/strong><\/span><\/a><\/span><span style=\"color: #000000;\">\u00a0(<span style=\"color: #00ff00;\"><strong>1ER PREMIO<\/strong><\/span>) (18\/08\/2020)<\/span><\/li>\n<\/ol>\n<p><span lang=\"ES-UY\">Premios:<\/span><\/p>\n<p style=\"text-align: center;\"><img loading=\"lazy\" decoding=\"async\" class=\"alignnone size-medium wp-image-3457\" src=\"https:\/\/dql.cup.edu.uy\/wp-content\/uploads\/2020\/12\/Taza1-283x300.jpeg\" alt=\"\" width=\"283\" height=\"300\" srcset=\"https:\/\/dql.cup.edu.uy\/wp-content\/uploads\/2020\/12\/Taza1-283x300.jpeg 283w, https:\/\/dql.cup.edu.uy\/wp-content\/uploads\/2020\/12\/Taza1.jpeg 699w\" sizes=\"auto, (max-width: 283px) 100vw, 283px\" \/>\u00a0 \u00a0 \u00a0<img loading=\"lazy\" decoding=\"async\" class=\"alignnone size-medium wp-image-3458\" src=\"https:\/\/dql.cup.edu.uy\/wp-content\/uploads\/2020\/12\/Taza2-282x300.jpeg\" alt=\"\" width=\"282\" height=\"300\" srcset=\"https:\/\/dql.cup.edu.uy\/wp-content\/uploads\/2020\/12\/Taza2-282x300.jpeg 282w, https:\/\/dql.cup.edu.uy\/wp-content\/uploads\/2020\/12\/Taza2.jpeg 700w\" sizes=\"auto, (max-width: 282px) 100vw, 282px\" \/><\/p>\n<ul>\n<li style=\"text-align: justify;\"><span lang=\"ES-UY\"><strong>1er puesto<\/strong> &#8211; tazas con el logo del proyecto para todos los estudiantes del grupo.<\/span><\/li>\n<li style=\"text-align: justify;\"><span lang=\"ES-UY\"><strong>2dor puesto<\/strong> &#8211; tazas con el logo del proyecto para todos los estudiantes del grupo.<\/span><\/li>\n<li style=\"text-align: justify;\"><span lang=\"ES-UY\"><strong>Menciones Especiales<\/strong> &#8211; tazas para los estudiantes que participaron en la instancia de defensas<\/span><\/li>\n<\/ul>\n<hr \/>\n<h2><strong>Talleres con estudiantes\u00a0de primaria\u00a0<\/strong><\/h2>\n<p style=\"text-align: justify;\">La Lic. Qu\u00edmica Florencia Luzardo brind\u00f3 una charla sobre la enfermedad de <em>Leptospirosis<\/em> y la importancia de las vacunas a ni\u00f1os de\u00a06to a\u00f1o de la\u00a0<span lang=\"ES-UY\">Escuela N\u00b0112 Rep\u00fablica Argentina <\/span> (Salto) &#8211; 20 alumnos. Despu\u00e9s de recibir la charla (ver transparencias <a href=\"https:\/\/www.dropbox.com\/s\/mrtwd2m25uy0c7n\/Presentaci%C3%B3n_Florencia_Luzardo.pdf?dl=0\"><strong>aqu\u00ed<\/strong><\/a>), los estudiantes realizaron folletos informativos sobre la tem\u00e1tica trabajada y se seleccionaron los mejores para imprimirlos y repartirlos en el centro educativo.<\/p>\n<p style=\"text-align: justify;\"><a href=\"https:\/\/www.dropbox.com\/sh\/rkict9htvo9kic9\/AABo7u3HKWsoPS28BkqJ1QQga?dl=0\"><strong><img loading=\"lazy\" decoding=\"async\" class=\"size-medium wp-image-3460 aligncenter\" src=\"https:\/\/dql.cup.edu.uy\/wp-content\/uploads\/2020\/12\/Folletos_Premiados_escuela-208x300.jpg\" alt=\"\" width=\"208\" height=\"300\" srcset=\"https:\/\/dql.cup.edu.uy\/wp-content\/uploads\/2020\/12\/Folletos_Premiados_escuela-208x300.jpg 208w, https:\/\/dql.cup.edu.uy\/wp-content\/uploads\/2020\/12\/Folletos_Premiados_escuela-712x1024.jpg 712w, https:\/\/dql.cup.edu.uy\/wp-content\/uploads\/2020\/12\/Folletos_Premiados_escuela.jpg 736w\" sizes=\"auto, (max-width: 208px) 100vw, 208px\" \/><\/strong><\/a><\/p>\n<p style=\"text-align: center;\"><a href=\"https:\/\/www.dropbox.com\/sh\/rkict9htvo9kic9\/AABo7u3HKWsoPS28BkqJ1QQga?dl=0\"><strong>VER TODOS LOS FOLLETOS ELABORADOS POR LOS\u00a0ALUMNOS<\/strong><\/a><\/p>\n<h2><strong>Charlas\u00a0a estudiantes\u00a0de\u00a0Escuelas Rurales de R\u00edo Negro<\/strong><\/h2>\n<p>Estas actividades estuvieron a cargo de la Qca. In\u00e9s Telles (ver transparencias de las charlas <a href=\"https:\/\/www.dropbox.com\/s\/1k9fug6trql8ajl\/Charlas_escuelas_In%C3%A9s_Telles.pdf?dl=0\"><strong>aqu\u00ed<\/strong><\/a>):<\/p>\n<ul>\n<li>Escuela N\u00b0 23 Algorta (R\u00edo Negro) &#8211; 60 alumnos de primaria\u00a0y 15 alumnos\u00a0de secundaria<\/li>\n<li>Escuela N\u00b0 46 C\u00e9sar Mayo Guti\u00e9rrez (R\u00edo Negro) &#8211; 7 alumnos<\/li>\n<li>Escuela N\u00b0 47 Colonia Kennedy\u00a0(R\u00edo Negro) &#8211; 7 alumnos<\/li>\n<li>Escuela N\u00b0 35 Sarand\u00ed Grande\u00a0(R\u00edo Negro) &#8211;\u00a03\u00a0alumnos<\/li>\n<li>Escuela N\u00b0 36 Estaci\u00f3n Bellaco\u00a0(R\u00edo Negro) &#8211;\u00a041 alumnos<\/li>\n<li>Escuela N\u00b0 12 Menafra (R\u00edo Negro) &#8211; 9 alumnos<\/li>\n<li>Escuela N\u00b0 47 Santa Isabel\u00a0(R\u00edo Negro) &#8211; 16 alumnos<\/li>\n<li>Escuela N\u00b0 38 Valle de Soba\u00a0(R\u00edo Negro) &#8211; 14 alumnos<\/li>\n<li>Escuela N\u00b0 4\u00a0Grecco (R\u00edo Negro) &#8211; 22 alumnos<\/li>\n<li>Escuela N\u00b0 14\u00a0Colonia Affir (R\u00edo Negro) &#8211; 40 alumnos<\/li>\n<li>Escuela N\u00b0 16 Sarand\u00ed de Navarro\u00a0(R\u00edo Negro) &#8211; 19 alumnos de primaria y 15 de secundaria<\/li>\n<\/ul>\n\n\n<\/div>\n","protected":false},"excerpt":{"rendered":"<div class=\"entry-summary\" itemprop=\"text\">\n<p>&nbsp; Jornadas de Divulgaci\u00f3n Comit\u00e9 organizador:\u00a0Florencia Luzardo, Andre\u00edna Blanco\u00a0e\u00a0In\u00e9s Telles Este taller estuvo compuesto\u00a0de cinco charlas informativas relacionadas con este proyecto de investigaci\u00f3n, y se dict\u00f3 a trav\u00e9s de plataforma Zoom entre el 10 y 11 de\u00a0Julio de 2020.\u00a0En cada charla participaron aproximadamente 19 personas, en su mayor\u00eda docentes y estudiantes de secundaria, as\u00ed como &#8230;<\/p>\n\n<\/div>\n","protected":false},"author":4,"featured_media":0,"parent":0,"menu_order":0,"comment_status":"closed","ping_status":"closed","template":"","meta":{"footnotes":""},"class_list":["post-3428","page","type-page","status-publish","hentry","entry-lead"],"_links":{"self":[{"href":"https:\/\/dql.cup.edu.uy\/index.php\/wp-json\/wp\/v2\/pages\/3428","targetHints":{"allow":["GET"]}}],"collection":[{"href":"https:\/\/dql.cup.edu.uy\/index.php\/wp-json\/wp\/v2\/pages"}],"about":[{"href":"https:\/\/dql.cup.edu.uy\/index.php\/wp-json\/wp\/v2\/types\/page"}],"author":[{"embeddable":true,"href":"https:\/\/dql.cup.edu.uy\/index.php\/wp-json\/wp\/v2\/users\/4"}],"replies":[{"embeddable":true,"href":"https:\/\/dql.cup.edu.uy\/index.php\/wp-json\/wp\/v2\/comments?post=3428"}],"version-history":[{"count":23,"href":"https:\/\/dql.cup.edu.uy\/index.php\/wp-json\/wp\/v2\/pages\/3428\/revisions"}],"predecessor-version":[{"id":3463,"href":"https:\/\/dql.cup.edu.uy\/index.php\/wp-json\/wp\/v2\/pages\/3428\/revisions\/3463"}],"wp:attachment":[{"href":"https:\/\/dql.cup.edu.uy\/index.php\/wp-json\/wp\/v2\/media?parent=3428"}],"curies":[{"name":"wp","href":"https:\/\/api.w.org\/{rel}","templated":true}]}}