{"id":212,"date":"2016-12-01T14:47:24","date_gmt":"2016-12-01T17:47:24","guid":{"rendered":"http:\/\/server.paap.cup.edu.uy\/wordpress_dql\/?page_id=212"},"modified":"2024-08-09T12:54:18","modified_gmt":"2024-08-09T15:54:18","slug":"extension","status":"publish","type":"page","link":"https:\/\/dql.cup.edu.uy\/index.php\/extension\/","title":{"rendered":"Extensi\u00f3n"},"content":{"rendered":"<div class=\"entry-content\" itemprop=\"text\">\n<div class=\"su-accordion su-u-trim\">\n<div class=\"su-spoiler su-spoiler-style-default su-spoiler-icon-plus su-spoiler-closed\" data-scroll-offset=\"0\" data-anchor-in-url=\"no\"><div class=\"su-spoiler-title\" tabindex=\"0\" role=\"button\"><span class=\"su-spoiler-icon\"><\/span>Talleres Pre-Universitario de Qu\u00edmica<\/div><div class=\"su-spoiler-content su-u-clearfix su-u-trim\">\n<p><a href=\"https:\/\/dql.cup.edu.uy\/index.php\/talleres-pre-universitarios-2023\/\">2023 &#8211; Talleres Pre-Universitarios de Qu\u00edmica<\/a><\/p>\n<p><a href=\"https:\/\/dql.cup.edu.uy\/index.php\/talleres-pre-universitarios-de-quimica\/\">2022 &#8211; Talleres Pre-Universitarios de Qu\u00edmica<\/a><\/p>\n<\/div><\/div>\n<div class=\"su-spoiler su-spoiler-style-default su-spoiler-icon-plus su-spoiler-closed\" data-scroll-offset=\"0\" data-anchor-in-url=\"no\"><div class=\"su-spoiler-title\" tabindex=\"0\" role=\"button\"><span class=\"su-spoiler-icon\"><\/span>Pechblenda<\/div><div class=\"su-spoiler-content su-u-clearfix su-u-trim\">\n<p>Pechblenda es una propuesta interdisciplinaria, financiada por CSEAM (Udelar), para visibilizar el rol de las mujeres en la ciencia, en este caso, en el \u00e1mbito de la qu\u00edmica. naci\u00f3 con el objetivo de dar a conocer y resignificar el rol de las mujeres en la ciencia, en parte, contando la trayectoria de vida y contribuci\u00f3n realizada por Marie Curie. Este audiovisual fue pensado tambi\u00e9n como una propuesta que apuesta a la deconstrucci\u00f3n de estereotipos culturales que inciden en la elecci\u00f3n de orientaci\u00f3n de bachillerato de las y los adolescentes. Es un trabajo que apuesta a dimensionar lo que las mujeres, situadas en un territorio -zona litoral del pa\u00eds- realizan en el campo profesional d\u00eda a d\u00eda y los desaf\u00edos, incertidumbres y pasiones que experimentan. Marie Curie fue el pretexto para iniciar un camino que, a pesar de los avances, a\u00fan hoy en d\u00eda es inaccesible para muchas adolescentes y mujeres que tienen trayectorias vitales vinculadas a la reproducci\u00f3n y sost\u00e9n de la vida. En donde la educaci\u00f3n y la formaci\u00f3n desafortunadamente, no forman parte del horizonte de sentido.<\/p>\n<p><a href=\"https:\/\/www.youtube.com\/watch?v=VdRfIu9ZIkU&amp;t=667s\">Audiovisual<\/a><\/p>\n<\/div><\/div>\n<div class=\"su-spoiler su-spoiler-style-default su-spoiler-icon-plus su-spoiler-closed\" data-scroll-offset=\"0\" data-anchor-in-url=\"no\"><div class=\"su-spoiler-title\" tabindex=\"0\" role=\"button\"><span class=\"su-spoiler-icon\"><\/span>Qu\u00edmica d+<\/div><div class=\"su-spoiler-content su-u-clearfix su-u-trim\">\n<p><img loading=\"lazy\" decoding=\"async\" class=\"alignnone size-medium wp-image-4404\" src=\"https:\/\/dql.cup.edu.uy\/wp-content\/uploads\/2024\/08\/WhatsApp-Image-2020-03-27-at-12.20.19-300x169.jpg\" alt=\"\" width=\"300\" height=\"169\" srcset=\"https:\/\/dql.cup.edu.uy\/wp-content\/uploads\/2024\/08\/WhatsApp-Image-2020-03-27-at-12.20.19-300x169.jpg 300w, https:\/\/dql.cup.edu.uy\/wp-content\/uploads\/2024\/08\/WhatsApp-Image-2020-03-27-at-12.20.19-1024x575.jpg 1024w, https:\/\/dql.cup.edu.uy\/wp-content\/uploads\/2024\/08\/WhatsApp-Image-2020-03-27-at-12.20.19-768x432.jpg 768w, https:\/\/dql.cup.edu.uy\/wp-content\/uploads\/2024\/08\/WhatsApp-Image-2020-03-27-at-12.20.19-1536x863.jpg 1536w, https:\/\/dql.cup.edu.uy\/wp-content\/uploads\/2024\/08\/WhatsApp-Image-2020-03-27-at-12.20.19.jpg 1600w\" sizes=\"auto, (max-width: 300px) 100vw, 300px\" \/><\/p>\n<p><span style=\"font-weight: 400;\">El proyecto Qu\u00edmica D+ (QD+) cuenta con 15 a\u00f1os de trayectoria en extensi\u00f3n. Desde 2017, QD+ se ha desarrollado como un proyecto de extensi\u00f3n en la sede Paysand\u00fa del CENUR Litoral Norte (LN), desplegando su experiencia durante 6 a\u00f1os en los departamentos de Paysand\u00fa (con talleres con ni\u00f1as\/os) y R\u00edo Negro (en conjunto con CECAP y la diferentes escuelas de Fray Bentos), formulando diversas propuestas dirigidas a poblaci\u00f3n de docentes, adolescencias e infancias de diferentes centros educativos.<\/span><\/p>\n<\/div><\/div>\n<div class=\"su-spoiler su-spoiler-style-default su-spoiler-icon-plus su-spoiler-closed\" data-scroll-offset=\"0\" data-anchor-in-url=\"no\"><div class=\"su-spoiler-title\" tabindex=\"0\" role=\"button\"><span class=\"su-spoiler-icon\"><\/span>Experiencia de Estudiantes<\/div><div class=\"su-spoiler-content su-u-clearfix su-u-trim\">\n<h4><span style=\"font-size: 18pt;\">Construyendo saberes en torno al Manejo Integrado de Plagas y al desarrollo rural sostenible:<\/span><\/h4>\n<p style=\"text-align: justify;\">Esta experiencia integral fue desarrollada por estudiantes de Qu\u00edmico orientaci\u00f3n Agr\u00edcola y Medio Ambiente en conjunto con estudiantes de secundaria de Young. Esta comprendi\u00f3 jornadas y talleres, incursionando en el Manejo Integrado de Plagas, abordando el desarrollo local sostenible, enfatizando en el cuidado ambiental y de la salud humana. As\u00ed mismo se realizaron\u00a0 visitas a chacras comerciales de la zona, para realizar muestreos de plagas e insectos ben\u00e9ficos. A partir de las inquietudes surgidas en la pr\u00e1ctica entre los estudiantes, se desarrollaron conceptos relacionados al control qu\u00edmico en general y a las consecuencias negativas sobre la salud humana y el medio ambiente debidas al uso irracional de agroqu\u00edmicos. A trav\u00e9s de la manufactura artesanal y la instalaci\u00f3n de trampas de feromonas se desarroll\u00f3 la tem\u00e1tica de t\u00e9cnicas alternativas de manejo de plagas. Este trabajo integr\u00f3 actividades de ense\u00f1anza, investigaci\u00f3n y extensi\u00f3n en las tem\u00e1ticas Qu\u00edmica, Entomolog\u00eda y Salud Comunitaria,\u00a0 y fue curricularizado para los estudiantes de la carrera de Qu\u00edmico Agr\u00edcola y Medioambiental. Este tipo de actividades pretende, mediante la realizaci\u00f3n de distintas estrategias pedag\u00f3gico-did\u00e1cticas centradas en el aprendizaje por problemas y la educaci\u00f3n activa, promocionar el pensamiento cr\u00edtico e independiente de los estudiantes, impulsando la aplicaci\u00f3n del conocimiento adquirido en problemas concretos y permitiendo el uso social del conocimiento. Esto implica estimular la capacidad de los estudiantes de transmitir sus conocimientos en lenguaje sencillo y permitir una comunicaci\u00f3n interactiva con la comunidad, de forma de intercambiar saberes y pr\u00e1cticas.<\/p>\n<div id='gallery-1' class='gallery galleryid-212 gallery-columns-3 gallery-size-large'><figure class='gallery-item'>\n\t\t\t<div class='gallery-icon landscape'>\n\t\t\t\t<a rel='attachment' href='https:\/\/dql.cup.edu.uy\/wp-content\/uploads\/2016\/12\/IMG001.jpg'><img loading=\"lazy\" decoding=\"async\" width=\"640\" height=\"480\" src=\"https:\/\/dql.cup.edu.uy\/wp-content\/uploads\/2016\/12\/IMG001-1024x768.jpg\" class=\"attachment-large size-large\" alt=\"\" srcset=\"https:\/\/dql.cup.edu.uy\/wp-content\/uploads\/2016\/12\/IMG001-1024x768.jpg 1024w, https:\/\/dql.cup.edu.uy\/wp-content\/uploads\/2016\/12\/IMG001-300x225.jpg 300w, https:\/\/dql.cup.edu.uy\/wp-content\/uploads\/2016\/12\/IMG001-768x576.jpg 768w, https:\/\/dql.cup.edu.uy\/wp-content\/uploads\/2016\/12\/IMG001-640x480.jpg 640w, https:\/\/dql.cup.edu.uy\/wp-content\/uploads\/2016\/12\/IMG001-2000x1500.jpg 2000w\" sizes=\"auto, (max-width: 640px) 100vw, 640px\" \/><\/a>\n\t\t\t<\/div><\/figure><figure class='gallery-item'>\n\t\t\t<div class='gallery-icon landscape'>\n\t\t\t\t<a rel='attachment' href='https:\/\/dql.cup.edu.uy\/wp-content\/uploads\/2016\/12\/IMG002.jpg'><img loading=\"lazy\" decoding=\"async\" width=\"640\" height=\"480\" src=\"https:\/\/dql.cup.edu.uy\/wp-content\/uploads\/2016\/12\/IMG002-1024x768.jpg\" class=\"attachment-large size-large\" alt=\"\" srcset=\"https:\/\/dql.cup.edu.uy\/wp-content\/uploads\/2016\/12\/IMG002-1024x768.jpg 1024w, https:\/\/dql.cup.edu.uy\/wp-content\/uploads\/2016\/12\/IMG002-300x225.jpg 300w, https:\/\/dql.cup.edu.uy\/wp-content\/uploads\/2016\/12\/IMG002-768x576.jpg 768w, https:\/\/dql.cup.edu.uy\/wp-content\/uploads\/2016\/12\/IMG002-640x480.jpg 640w, https:\/\/dql.cup.edu.uy\/wp-content\/uploads\/2016\/12\/IMG002-2000x1500.jpg 2000w\" sizes=\"auto, (max-width: 640px) 100vw, 640px\" \/><\/a>\n\t\t\t<\/div><\/figure><figure class='gallery-item'>\n\t\t\t<div class='gallery-icon landscape'>\n\t\t\t\t<a rel='attachment' href='https:\/\/dql.cup.edu.uy\/wp-content\/uploads\/2016\/12\/IMG003.jpg'><img loading=\"lazy\" decoding=\"async\" width=\"640\" height=\"480\" src=\"https:\/\/dql.cup.edu.uy\/wp-content\/uploads\/2016\/12\/IMG003-1024x768.jpg\" class=\"attachment-large size-large\" alt=\"\" srcset=\"https:\/\/dql.cup.edu.uy\/wp-content\/uploads\/2016\/12\/IMG003-1024x768.jpg 1024w, https:\/\/dql.cup.edu.uy\/wp-content\/uploads\/2016\/12\/IMG003-300x225.jpg 300w, https:\/\/dql.cup.edu.uy\/wp-content\/uploads\/2016\/12\/IMG003-768x576.jpg 768w, https:\/\/dql.cup.edu.uy\/wp-content\/uploads\/2016\/12\/IMG003-640x480.jpg 640w, https:\/\/dql.cup.edu.uy\/wp-content\/uploads\/2016\/12\/IMG003-2000x1500.jpg 2000w, https:\/\/dql.cup.edu.uy\/wp-content\/uploads\/2016\/12\/IMG003.jpg 2048w\" sizes=\"auto, (max-width: 640px) 100vw, 640px\" \/><\/a>\n\t\t\t<\/div><\/figure><figure class='gallery-item'>\n\t\t\t<div class='gallery-icon landscape'>\n\t\t\t\t<a rel='attachment' href='https:\/\/dql.cup.edu.uy\/wp-content\/uploads\/2016\/12\/IMG004.jpg'><img loading=\"lazy\" decoding=\"async\" width=\"640\" height=\"480\" src=\"https:\/\/dql.cup.edu.uy\/wp-content\/uploads\/2016\/12\/IMG004-1024x768.jpg\" class=\"attachment-large size-large\" alt=\"\" srcset=\"https:\/\/dql.cup.edu.uy\/wp-content\/uploads\/2016\/12\/IMG004-1024x768.jpg 1024w, https:\/\/dql.cup.edu.uy\/wp-content\/uploads\/2016\/12\/IMG004-300x225.jpg 300w, https:\/\/dql.cup.edu.uy\/wp-content\/uploads\/2016\/12\/IMG004-768x576.jpg 768w, https:\/\/dql.cup.edu.uy\/wp-content\/uploads\/2016\/12\/IMG004-640x480.jpg 640w, https:\/\/dql.cup.edu.uy\/wp-content\/uploads\/2016\/12\/IMG004-2000x1500.jpg 2000w, https:\/\/dql.cup.edu.uy\/wp-content\/uploads\/2016\/12\/IMG004.jpg 2048w\" sizes=\"auto, (max-width: 640px) 100vw, 640px\" \/><\/a>\n\t\t\t<\/div><\/figure><figure class='gallery-item'>\n\t\t\t<div class='gallery-icon landscape'>\n\t\t\t\t<a rel='attachment' href='https:\/\/dql.cup.edu.uy\/wp-content\/uploads\/2016\/12\/IMG005.jpg'><img loading=\"lazy\" decoding=\"async\" width=\"640\" height=\"480\" src=\"https:\/\/dql.cup.edu.uy\/wp-content\/uploads\/2016\/12\/IMG005-1024x768.jpg\" class=\"attachment-large size-large\" alt=\"\" srcset=\"https:\/\/dql.cup.edu.uy\/wp-content\/uploads\/2016\/12\/IMG005-1024x768.jpg 1024w, https:\/\/dql.cup.edu.uy\/wp-content\/uploads\/2016\/12\/IMG005-300x225.jpg 300w, https:\/\/dql.cup.edu.uy\/wp-content\/uploads\/2016\/12\/IMG005-768x576.jpg 768w, https:\/\/dql.cup.edu.uy\/wp-content\/uploads\/2016\/12\/IMG005-640x480.jpg 640w, https:\/\/dql.cup.edu.uy\/wp-content\/uploads\/2016\/12\/IMG005-2000x1500.jpg 2000w, https:\/\/dql.cup.edu.uy\/wp-content\/uploads\/2016\/12\/IMG005.jpg 2048w\" sizes=\"auto, (max-width: 640px) 100vw, 640px\" \/><\/a>\n\t\t\t<\/div><\/figure><figure class='gallery-item'>\n\t\t\t<div class='gallery-icon landscape'>\n\t\t\t\t<a rel='attachment' href='https:\/\/dql.cup.edu.uy\/wp-content\/uploads\/2016\/12\/IMG006.jpg'><img loading=\"lazy\" decoding=\"async\" width=\"640\" height=\"480\" src=\"https:\/\/dql.cup.edu.uy\/wp-content\/uploads\/2016\/12\/IMG006-1024x768.jpg\" class=\"attachment-large size-large\" alt=\"\" srcset=\"https:\/\/dql.cup.edu.uy\/wp-content\/uploads\/2016\/12\/IMG006-1024x768.jpg 1024w, https:\/\/dql.cup.edu.uy\/wp-content\/uploads\/2016\/12\/IMG006-300x225.jpg 300w, https:\/\/dql.cup.edu.uy\/wp-content\/uploads\/2016\/12\/IMG006-768x576.jpg 768w, https:\/\/dql.cup.edu.uy\/wp-content\/uploads\/2016\/12\/IMG006-640x480.jpg 640w, https:\/\/dql.cup.edu.uy\/wp-content\/uploads\/2016\/12\/IMG006-2000x1500.jpg 2000w, https:\/\/dql.cup.edu.uy\/wp-content\/uploads\/2016\/12\/IMG006.jpg 2048w\" sizes=\"auto, (max-width: 640px) 100vw, 640px\" \/><\/a>\n\t\t\t<\/div><\/figure>\n\t\t<\/div>\n\n<p style=\"text-align: justify;\"><\/div><\/div>\n<div class=\"su-spoiler su-spoiler-style-default su-spoiler-icon-plus su-spoiler-closed\" data-scroll-offset=\"0\" data-anchor-in-url=\"no\"><div class=\"su-spoiler-title\" tabindex=\"0\" role=\"button\"><span class=\"su-spoiler-icon\"><\/span>Olimp\u00edadas de Qu\u00edmica<\/div><div class=\"su-spoiler-content su-u-clearfix su-u-trim\">\nEl Programa Olimp\u00edada Uruguaya de Qu\u00edmica\u00a0(POUQ) es una actividad de extensi\u00f3n universitaria que la Facultad\u00a0de Qu\u00edmica de la Universidad de la Rep\u00fablica viene llevando\u00a0adelante desde el a\u00f1o 2009. Su objetivo es contribuir a mejorar las\u00a0condiciones para la ense\u00f1anza de la Qu\u00edmica en los niveles\u00a0preuniversitarios de todo el pa\u00eds. Docentes pertenecientes a\u00a0nuestro departamento integran el comit\u00e9 cient\u00edfico de dicho\u00a0programa desde el a\u00f1o 2013<\/p>\n<p><a href=\"http:\/\/ouq.weebly.com\/pouq.html\" target=\"_blank\" rel=\"noopener noreferrer\">Programa Olimp\u00edada Uruguaya de Qu\u00edmica<\/a><\/p>\n<div id='gallery-2' class='gallery galleryid-212 gallery-columns-4 gallery-size-thumbnail'><figure class='gallery-item'>\n\t\t\t<div class='gallery-icon landscape'>\n\t\t\t\t<a rel='attachment' href='https:\/\/dql.cup.edu.uy\/wp-content\/uploads\/2016\/12\/1836671_10204951025406542_1980035963475621336_o.jpg'><img loading=\"lazy\" decoding=\"async\" width=\"150\" height=\"150\" src=\"https:\/\/dql.cup.edu.uy\/wp-content\/uploads\/2016\/12\/1836671_10204951025406542_1980035963475621336_o-150x150.jpg\" class=\"attachment-thumbnail size-thumbnail\" alt=\"\" srcset=\"https:\/\/dql.cup.edu.uy\/wp-content\/uploads\/2016\/12\/1836671_10204951025406542_1980035963475621336_o-150x150.jpg 150w, https:\/\/dql.cup.edu.uy\/wp-content\/uploads\/2016\/12\/1836671_10204951025406542_1980035963475621336_o-200x200.jpg 200w, https:\/\/dql.cup.edu.uy\/wp-content\/uploads\/2016\/12\/1836671_10204951025406542_1980035963475621336_o-75x75.jpg 75w\" sizes=\"auto, (max-width: 150px) 100vw, 150px\" \/><\/a>\n\t\t\t<\/div><\/figure><figure class='gallery-item'>\n\t\t\t<div class='gallery-icon landscape'>\n\t\t\t\t<a rel='attachment' href='https:\/\/dql.cup.edu.uy\/wp-content\/uploads\/2016\/12\/10273205_671236529636253_3276348351383046768_o.jpg'><img loading=\"lazy\" decoding=\"async\" width=\"150\" height=\"150\" src=\"https:\/\/dql.cup.edu.uy\/wp-content\/uploads\/2016\/12\/10273205_671236529636253_3276348351383046768_o-150x150.jpg\" class=\"attachment-thumbnail size-thumbnail\" alt=\"\" srcset=\"https:\/\/dql.cup.edu.uy\/wp-content\/uploads\/2016\/12\/10273205_671236529636253_3276348351383046768_o-150x150.jpg 150w, https:\/\/dql.cup.edu.uy\/wp-content\/uploads\/2016\/12\/10273205_671236529636253_3276348351383046768_o-200x200.jpg 200w, https:\/\/dql.cup.edu.uy\/wp-content\/uploads\/2016\/12\/10273205_671236529636253_3276348351383046768_o-75x75.jpg 75w\" sizes=\"auto, (max-width: 150px) 100vw, 150px\" \/><\/a>\n\t\t\t<\/div><\/figure><figure class='gallery-item'>\n\t\t\t<div class='gallery-icon portrait'>\n\t\t\t\t<a rel='attachment' href='https:\/\/dql.cup.edu.uy\/wp-content\/uploads\/2016\/12\/14457306_10155036849916416_9190610154330016977_n.jpg'><img loading=\"lazy\" decoding=\"async\" width=\"150\" height=\"150\" src=\"https:\/\/dql.cup.edu.uy\/wp-content\/uploads\/2016\/12\/14457306_10155036849916416_9190610154330016977_n-150x150.jpg\" class=\"attachment-thumbnail size-thumbnail\" alt=\"\" srcset=\"https:\/\/dql.cup.edu.uy\/wp-content\/uploads\/2016\/12\/14457306_10155036849916416_9190610154330016977_n-150x150.jpg 150w, https:\/\/dql.cup.edu.uy\/wp-content\/uploads\/2016\/12\/14457306_10155036849916416_9190610154330016977_n-200x200.jpg 200w, https:\/\/dql.cup.edu.uy\/wp-content\/uploads\/2016\/12\/14457306_10155036849916416_9190610154330016977_n-75x75.jpg 75w\" sizes=\"auto, (max-width: 150px) 100vw, 150px\" \/><\/a>\n\t\t\t<\/div><\/figure><figure class='gallery-item'>\n\t\t\t<div class='gallery-icon landscape'>\n\t\t\t\t<a rel='attachment' href='https:\/\/dql.cup.edu.uy\/wp-content\/uploads\/2016\/12\/5724353_orig.jpg'><img loading=\"lazy\" decoding=\"async\" width=\"150\" height=\"150\" src=\"https:\/\/dql.cup.edu.uy\/wp-content\/uploads\/2016\/12\/5724353_orig-150x150.jpg\" class=\"attachment-thumbnail size-thumbnail\" alt=\"\" srcset=\"https:\/\/dql.cup.edu.uy\/wp-content\/uploads\/2016\/12\/5724353_orig-150x150.jpg 150w, https:\/\/dql.cup.edu.uy\/wp-content\/uploads\/2016\/12\/5724353_orig-200x200.jpg 200w, https:\/\/dql.cup.edu.uy\/wp-content\/uploads\/2016\/12\/5724353_orig-75x75.jpg 75w\" sizes=\"auto, (max-width: 150px) 100vw, 150px\" \/><\/a>\n\t\t\t<\/div><\/figure><figure class='gallery-item'>\n\t\t\t<div class='gallery-icon landscape'>\n\t\t\t\t<a rel='attachment' href='https:\/\/dql.cup.edu.uy\/wp-content\/uploads\/2016\/12\/6173053_orig.jpg'><img loading=\"lazy\" decoding=\"async\" width=\"150\" height=\"150\" src=\"https:\/\/dql.cup.edu.uy\/wp-content\/uploads\/2016\/12\/6173053_orig-150x150.jpg\" class=\"attachment-thumbnail size-thumbnail\" alt=\"\" srcset=\"https:\/\/dql.cup.edu.uy\/wp-content\/uploads\/2016\/12\/6173053_orig-150x150.jpg 150w, https:\/\/dql.cup.edu.uy\/wp-content\/uploads\/2016\/12\/6173053_orig-300x300.jpg 300w, https:\/\/dql.cup.edu.uy\/wp-content\/uploads\/2016\/12\/6173053_orig.jpg 640w, https:\/\/dql.cup.edu.uy\/wp-content\/uploads\/2016\/12\/6173053_orig-200x200.jpg 200w, https:\/\/dql.cup.edu.uy\/wp-content\/uploads\/2016\/12\/6173053_orig-75x75.jpg 75w\" sizes=\"auto, (max-width: 150px) 100vw, 150px\" \/><\/a>\n\t\t\t<\/div><\/figure><figure class='gallery-item'>\n\t\t\t<div class='gallery-icon landscape'>\n\t\t\t\t<a rel='attachment' href='https:\/\/dql.cup.edu.uy\/wp-content\/uploads\/2016\/12\/142836_orig.jpg'><img loading=\"lazy\" decoding=\"async\" width=\"150\" height=\"150\" src=\"https:\/\/dql.cup.edu.uy\/wp-content\/uploads\/2016\/12\/142836_orig-150x150.jpg\" class=\"attachment-thumbnail size-thumbnail\" alt=\"\" srcset=\"https:\/\/dql.cup.edu.uy\/wp-content\/uploads\/2016\/12\/142836_orig-150x150.jpg 150w, https:\/\/dql.cup.edu.uy\/wp-content\/uploads\/2016\/12\/142836_orig-200x200.jpg 200w, https:\/\/dql.cup.edu.uy\/wp-content\/uploads\/2016\/12\/142836_orig-75x75.jpg 75w\" sizes=\"auto, (max-width: 150px) 100vw, 150px\" \/><\/a>\n\t\t\t<\/div><\/figure><figure class='gallery-item'>\n\t\t\t<div class='gallery-icon landscape'>\n\t\t\t\t<a rel='attachment' href='https:\/\/dql.cup.edu.uy\/wp-content\/uploads\/2016\/12\/9794300_orig.jpg'><img loading=\"lazy\" decoding=\"async\" width=\"150\" height=\"150\" src=\"https:\/\/dql.cup.edu.uy\/wp-content\/uploads\/2016\/12\/9794300_orig-150x150.jpg\" class=\"attachment-thumbnail size-thumbnail\" alt=\"\" srcset=\"https:\/\/dql.cup.edu.uy\/wp-content\/uploads\/2016\/12\/9794300_orig-150x150.jpg 150w, https:\/\/dql.cup.edu.uy\/wp-content\/uploads\/2016\/12\/9794300_orig-200x200.jpg 200w, https:\/\/dql.cup.edu.uy\/wp-content\/uploads\/2016\/12\/9794300_orig-75x75.jpg 75w\" sizes=\"auto, (max-width: 150px) 100vw, 150px\" \/><\/a>\n\t\t\t<\/div><\/figure><figure class='gallery-item'>\n\t\t\t<div class='gallery-icon landscape'>\n\t\t\t\t<a rel='attachment' href='https:\/\/dql.cup.edu.uy\/wp-content\/uploads\/2016\/12\/12347698_10154327724061416_4419172548114008305_n.jpg'><img loading=\"lazy\" decoding=\"async\" width=\"150\" height=\"150\" src=\"https:\/\/dql.cup.edu.uy\/wp-content\/uploads\/2016\/12\/12347698_10154327724061416_4419172548114008305_n-150x150.jpg\" class=\"attachment-thumbnail size-thumbnail\" alt=\"\" srcset=\"https:\/\/dql.cup.edu.uy\/wp-content\/uploads\/2016\/12\/12347698_10154327724061416_4419172548114008305_n-150x150.jpg 150w, https:\/\/dql.cup.edu.uy\/wp-content\/uploads\/2016\/12\/12347698_10154327724061416_4419172548114008305_n-200x200.jpg 200w, https:\/\/dql.cup.edu.uy\/wp-content\/uploads\/2016\/12\/12347698_10154327724061416_4419172548114008305_n-75x75.jpg 75w\" sizes=\"auto, (max-width: 150px) 100vw, 150px\" \/><\/a>\n\t\t\t<\/div><\/figure>\n\t\t<\/div>\n\n<\/div><\/div>\n<div class=\"su-spoiler su-spoiler-style-default su-spoiler-icon-plus su-spoiler-closed\" data-scroll-offset=\"0\" data-anchor-in-url=\"no\"><div class=\"su-spoiler-title\" tabindex=\"0\" role=\"button\"><span class=\"su-spoiler-icon\"><\/span>Jornadas de Divulgaci\u00f3n Cient\u00edfica<\/div><div class=\"su-spoiler-content su-u-clearfix su-u-trim\">\n<p><a href=\"https:\/\/dql.cup.edu.uy\/index.php\/jornadas-leptospirosis-2020\/\">2020 &#8211; Leptospirosis; diagn\u00f3stico y vacunas. Una mirada qu\u00edmica<\/a><\/p>\n<\/div><\/div>\n<div class=\"page\" title=\"Page 1\"><\/div>\n<\/div>\n\n\n<\/div>\n","protected":false},"excerpt":{"rendered":"","protected":false},"author":1,"featured_media":545,"parent":0,"menu_order":0,"comment_status":"closed","ping_status":"closed","template":"","meta":{"footnotes":""},"class_list":["post-212","page","type-page","status-publish","has-post-thumbnail","hentry","entry-lead"],"_links":{"self":[{"href":"https:\/\/dql.cup.edu.uy\/index.php\/wp-json\/wp\/v2\/pages\/212","targetHints":{"allow":["GET"]}}],"collection":[{"href":"https:\/\/dql.cup.edu.uy\/index.php\/wp-json\/wp\/v2\/pages"}],"about":[{"href":"https:\/\/dql.cup.edu.uy\/index.php\/wp-json\/wp\/v2\/types\/page"}],"author":[{"embeddable":true,"href":"https:\/\/dql.cup.edu.uy\/index.php\/wp-json\/wp\/v2\/users\/1"}],"replies":[{"embeddable":true,"href":"https:\/\/dql.cup.edu.uy\/index.php\/wp-json\/wp\/v2\/comments?post=212"}],"version-history":[{"count":29,"href":"https:\/\/dql.cup.edu.uy\/index.php\/wp-json\/wp\/v2\/pages\/212\/revisions"}],"predecessor-version":[{"id":4408,"href":"https:\/\/dql.cup.edu.uy\/index.php\/wp-json\/wp\/v2\/pages\/212\/revisions\/4408"}],"wp:featuredmedia":[{"embeddable":true,"href":"https:\/\/dql.cup.edu.uy\/index.php\/wp-json\/wp\/v2\/media\/545"}],"wp:attachment":[{"href":"https:\/\/dql.cup.edu.uy\/index.php\/wp-json\/wp\/v2\/media?parent=212"}],"curies":[{"name":"wp","href":"https:\/\/api.w.org\/{rel}","templated":true}]}}