{"id":201,"date":"2016-12-01T14:31:34","date_gmt":"2016-12-01T17:31:34","guid":{"rendered":"http:\/\/server.paap.cup.edu.uy\/wordpress_dql\/?page_id=201"},"modified":"2024-08-16T09:39:08","modified_gmt":"2024-08-16T12:39:08","slug":"laboratorio-de-espectroscopia-y-fisicoquimica-organica","status":"publish","type":"page","link":"https:\/\/dql.cup.edu.uy\/index.php\/investigacion\/laboratorio-de-espectroscopia-y-fisicoquimica-organica\/","title":{"rendered":"Laboratorio de Espectroscop\u00eda y Fisicoqu\u00edmica Org\u00e1nica"},"content":{"rendered":"<div class=\"entry-content\" itemprop=\"text\">\n<h3>Integrantes<\/h3>\n<p><i>Dr. Guillermo Moyna, Profesor\u00a0Titular<br \/>\n<\/i><i>Dra. Carolina Fontana, Profesora Agregada<br \/>\n<\/i><i>Q.F. Andr\u00e9s L\u00f3pez, Asistente y Estudiante de\u00a0Doctorado<br \/>\n<\/i><i>B.C.\u00a0Luc\u00eda Bergalli, Asistente y Estudiante de Doctorado<br \/>\nQca. Macarena Eugui, Asistente\u00a0y Estudiante de Doctorado<br \/>\nLic. Alim. Sylvia Cuchman,\u00a0Asistente y Estudiante de Doctorado<\/i><i><br \/>\n<\/i><i>Cecilia Perez, Asistente y Estudiante\u00a0de Qu\u00edmico Agr\u00edcola y Medio Ambiente<br \/>\n<\/i><i>Valeria Lucero, Ayudante y Estudiante\u00a0de Qu\u00edmico Agr\u00edcola y Medio Ambiente<br \/>\nHugo Do Carmo, Ayudante y Estudiante\u00a0de Qu\u00edmico Agr\u00edcola y Medio Ambiente<\/i><i><br \/>\n<\/i><\/p>\n<h3>Infraestructura<\/h3>\n<p style=\"text-align: justify;\">Se cuentan con recursos necesarios para llevar a cabo actividades de s\u00edntesis, incluyendo un total de seis metros de campanas de extracci\u00f3n, material de vidrio, evaporadores rotatorios, planchas calefactoras, ba\u00f1os termostatizados de alta y baja temperatura, reactor de microondas, y equipamiento de laboratorio adicional. Se\u00a0cuenta con acceso a instrumental anal\u00edtico mediano, como ser espectrofot\u00f3metros ultravioleta-visible (UV-vis) e infrarrojo (FT-IR), polar\u00edmetro, sistemas de electroforesis vertical y horizontal, equipos de cromatograf\u00eda gaseosa (GC), sistema de purificaci\u00f3n cromatogr\u00e1fico \u00c4kta Pure (FPLC), cromat\u00f3grafo de gases acoplado a espectr\u00f3metro de masas (GC-MS), y equipamiento pesado como un LC-MS<sup>2<\/sup> de triple cuadrupolo con trampa de iones. Se dispone adem\u00e1s de dos equipos modernos de resonancia magn\u00e9tica nuclear (RMN) para el an\u00e1lisis de muestras en soluci\u00f3n:<\/p>\n<ul>\n<li style=\"text-align: justify;\" data-listid=\"13\" data-aria-posinset=\"1\" data-aria-level=\"1\">Bruker Avance III 500 MHz con tres canales de radiofrequencia, equipado con una sonda de detecci\u00f3n inversa de triple resonancia (TXI\u00a0 <sup>1<\/sup>H-<sup>13<\/sup>C\/<sup>15<\/sup>N) de 5 mm.<\/li>\n<li style=\"text-align: justify;\" data-listid=\"13\" data-aria-posinset=\"2\" data-aria-level=\"1\">Bruker Avance III 400 MHz con dos canales de radiofrequencia, equipado con una sonda de detecci\u00f3n inversa (SEI 1H-13C) y una sonda de banda ancha de detecci\u00f3n directa (BBOF plus); ambas sondas son de 5 mm. Este espectr\u00f3metro cuenta adem\u00e1s con un cambiador autom\u00e1tico de muestras SampleXpress con capacidad para 60 tubos.<\/li>\n<\/ul>\n<p><a name=\"ANCLA2\"><\/a><\/p>\n<h3><\/h3>\n<h3 style=\"text-align: justify;\">L\u00edneas de Investigaci\u00f3n<\/h3>\n<p>Se llevan a cabo proyectos que van desde el estudio de la composici\u00f3n metabol\u00f3mica de productos agropecuarios, al procesado de biomasa y bagazo utilizando procesos y solventes medioambientalmente benignos.\u00a0Se utilizan para ello m\u00e9todos que incluyen espectroscop\u00eda de resonancia magn\u00e9tica nuclear (RMN), s\u00edntesis org\u00e1nica, y qu\u00edmica computacional.<\/p>\n<ul>\n<li><strong>Determinaci\u00f3n de perfiles metab\u00f3licos de leche, jugos de fruta, y productos ap\u00edcolas utilizando espectroscop\u00eda RMN, y estudio de los efectos medioambientales en los perfiles metab\u00f3licos de estos productos.<\/strong><\/li>\n<\/ul>\n<ul>\n<li><strong>Estudio de la disoluci\u00f3n de componentes de la lignocelulosa (madera, bagazo, etc.) en l\u00edquidos i\u00f3nicos a nivel molecular y desarrollo de nuevos m\u00e9todos para el procesado de biomasa en este medio.<\/strong><\/li>\n<\/ul>\n<ul>\n<li><strong>Uso de procesos fotoqu\u00edmicos en el desarrollo de nuevas mol\u00e9culas con actividad biol\u00f3gica.<\/strong><\/li>\n<\/ul>\n<ul>\n<li><strong>An\u00e1lisis estructural y fisicoqu\u00edmico de carbohidratos y glicoconjugados de relevancia biol\u00f3gica y biotecnol\u00f3gica, empleado t\u00e9cnicas de Resonancia Magn\u00e9tica Nuclear. <\/strong>Se tiene particular inter\u00e9s en la caracterizaci\u00f3n de polisac\u00e1ridos bacterianos con potencial aplicaci\u00f3n en vacunas y\/o m\u00e9todos de diagn\u00f3stico, as\u00ed como tambi\u00e9n en el desarrollo y\/o optimizaci\u00f3n de metodolog\u00edas de RMN para el estudio de los mismos en soluci\u00f3n.<\/li>\n<\/ul>\n<h3 style=\"text-align: justify;\">Proyectos<\/h3>\n<ul style=\"text-align: justify;\">\n<li><a href=\"https:\/\/dql.cup.edu.uy\/?page_id=3569&amp;preview=true\">Obtenci\u00f3n y caracterizaci\u00f3n de nanopart\u00edculas de oro funcionalizadas con polisac\u00e1ridos bacterianos nativos y modificados, como estrategia para el dise\u00f1o de nuevas vacunas. Proyecto CSIC I+D #291, 2021-2024.<\/a><\/li>\n<li>\n<div><a href=\"https:\/\/dql.cup.edu.uy\/index.php\/proyecto-fmv-135751\/\"><span lang=\"ES-UY\">Obtenci\u00f3n y Caracterizaci\u00f3n Estructural de Lipopolisac\u00e1ridos de\u00a0<i>Leptospira<\/i>. Proyecto Fondo Mar\u00eda Vi\u00f1as (Modalidad I) 2018-2020.<\/span><\/a><\/div>\n<\/li>\n<li>\n<div><span lang=\"ES-UY\">Ampliaci\u00f3n de las capacidades del espectr\u00f3metro de RMN Bruker Avance III 500 MHz para la obtenci\u00f3n de experimentos de triple resonancia relevantes para el estudio de biomol\u00e9culas. Proyecto ANII de Actualizaci\u00f3n y Mejora de Grandes Equipamientos Cient\u00edficos Nro PCE_3_2_143890, 2018.<\/span><\/div>\n<\/li>\n<li>\n<div>Fortalecimiento de Equipamiento en los Grupos de Investigaci\u00f3n en Salud Humana y Animal Instalados en la Sede Paysand\u00fa del CENUR Litoral Norte. Proyecto CSIC de Fortalecimiento de Equipamiento de Investigaci\u00f3n en los Servicios de la UdelaR Nro 72, 2017.<\/div>\n<\/li>\n<li><a href=\"https:\/\/dql.cup.edu.uy\/index.php\/proyecto-csic-id-155\/\">Estudio de Aspectos Estructurales y Conformacionales del Polisac\u00e1rido C de <i>S. pneumoniae <\/i>Mediante el Empleo de T\u00e9cnicas de Resonancia Magn\u00e9tica Nuclear. Proyecto CSIC I+D #155, 2017-2019.<\/a><\/li>\n<li>S\u00edmiles de Productos Naturales como Potenciales Antibacterianos: S\u00edntesis por medio de Cicloadiciones [4+2] y Transformaciones Fotoqu\u00edmicas y Evaluaci\u00f3n Microbiol\u00f3gica. Proyecto CSIC I+D, 2017-2019.<\/li>\n<li>Composici\u00f3n de \u00c1cidos Grasos de la Carne Bovina: Impacto de la Biodiversidad Forrajera y su Determinaci\u00f3n por RMN como M\u00e9todo R\u00e1pido. Proyecto CSIC I+D, 2017-2019.<\/li>\n<li>Identificaci\u00f3n de Marcadores Qu\u00edmicos Xilem\u00e1ticos Involucrados en la Interacci\u00f3n de Pat\u00f3genos Bacterianos Vasculares con sus Plantas Hospederas. Proyecto CSIC I+D, 2017-2019.<\/li>\n<li>Integraci\u00f3n de la Miner\u00eda Gen\u00f3mica y la Metabol\u00f3mica para Descifrar el Potencial de Metabolitos Bioactivos en Cepas de Streptomyces de Uruguay. Proyecto CSIC I+D, 2017-2019.<\/li>\n<li>N\u00facleo Interdisciplinario de Estudios sobre Cannabis. Programa de Apoyo Nuevos Nucleos Interdisciplinarios del Espacio Interdisciplinario, UdelaR, 2015-2017.<\/li>\n<li>Caracterizaci\u00f3n Gen\u00e9tica, Metab\u00f3lica y Bioactividad de Cannabis Cultivado en Uruguay. Proyecto IRCCA, 2014-2016.<\/li>\n<li>Estructura, Solvataci\u00f3n, y Din\u00e1mica de L\u00edquidos I\u00f3nicos. Proyecto CSIC I+D, 2013-2015.<\/li>\n<\/ul>\n<h3 style=\"text-align: justify;\">Publicaciones<\/h3>\n<ul>\n<li style=\"text-align: justify;\"><a href=\"https:\/\/pubs.acs.org\/doi\/full\/10.1021\/acs.chemrev.2c00580\">Fontana, C.; Widmalm, G.; Primary Structure of Glycans by NMR Spectroscopy, <em>Chem. Rev.,<\/em>\u00a0<strong>2023<\/strong>, doi:10.1021\/acs.chemrev.2c00580.<\/a><\/li>\n<li style=\"text-align: justify;\"><a href=\"https:\/\/www.mdpi.com\/2073-4344\/12\/6\/610\">Giorgi, V.; Botto, E.; Fontana, C.; Della Mea, L.; Vaz Jr., S.; Men\u00e9ndez, P.; Rodr\u00edguez, P.; Enzymatic Production of Lauroyl and Stearoyl Monoesters of D-Xylose, L-Arabinose, and D-Glucose as Potential Lignocellulosic-Derived Products, and Their Evaluation as\u00a0Antimicrobial Agents, <em>Catalysts<\/em>, <strong>2022<\/strong>, 12, 610.<\/a><\/li>\n<li style=\"text-align: justify;\"><a href=\"https:\/\/www.mdpi.com\/1420-3049\/27\/8\/2402\/htm\">Wallace, F.; Fontana, C.; Ferreira, F.; Olivaro, C.\u00a0<span lang=\"EN-US\">Structure elucidation and complete <sup>1<\/sup>H and <sup>13<\/sup>C chemical shifts assignment of triterpenoid saponins found in an immunoadjuvant preparation of <i>Quillaja brasiliensis<\/i>. <i>Molecules<\/i>, <b>2022<\/b>,\u00a027, 2402.<\/span><\/a><\/li>\n<li style=\"text-align: justify;\"><a href=\"https:\/\/www.sciencedirect.com\/science\/article\/abs\/pii\/S0968089621003175?via%3Dihub\"><span lang=\"ES\">Porci\u00fancula-Gonz\u00e1lez, C.; Cagnoni, A. J.; Fontana, C.; Mari\u00f1o, K.V.; Saenz-M\u00e9ndez, P.; Giacomini, C.; Irazoqui, G. <\/span>Structural insights in galectin-1-glycan recognition: relevance of the glycosidic linkage and the <i>N<\/i>-acetylation pattern of sugar moieties. <em>Bioorg. Med. Chem<\/em>, <strong>2021<\/strong>, <em>44<\/em>,\u00a0116309.<\/a><\/li>\n<li style=\"text-align: justify;\"><a href=\"https:\/\/www.nature.com\/articles\/s41586-020-2336-3\"><span lang=\"EN-US\">Baronti, L., Guzzetti, I., Ebrahimi, P.; Friebe Sandoz, S.; Steiner, E.; Schlagnitweit, J.; Fromm, B.; Silva, L.; Fontana, C.; Chen, A. A., Petzold, K. Base-pair conformational switch modulates miR-34a targeting of Sirt1 mRNA. <i>Nature<\/i>,\u00a0<b>2020<\/b>, <em>583<\/em>, 139\u2013144. <\/span><\/a><\/li>\n<li style=\"text-align: justify;\"><a href=\"https:\/\/chemistry-europe.onlinelibrary.wiley.com\/doi\/abs\/10.1002\/ejoc.201901677\">Mart\u00ednez, V.; Villamil, V.; Duarte, D.; Saiz, C.; Davit, D.; Fontana, C.; Veiga, N.; Mahler, G.\u00a0Preparation of 2-substituted Bisthiazolidines by imine exchange and its mechanistic studies. <em>Eur. J. Org. Chem.<\/em>, <strong>2020<\/strong>, <em>9<\/em>,\u00a01084-1092.<\/a><\/li>\n<li style=\"text-align: justify;\"><a href=\"https:\/\/academic.oup.com\/glycob\/article\/29\/2\/179\/5139833\"><span lang=\"EN-US\">St\u00e5hle, J.; Fontana, C.; Weintraub, A.; Widmalm, G. Elucidation of the O-antigen structure of Escherichia coli O63. <i>Glycobiology<\/i>, <b>2019<\/b>, <i>29<\/i>, 179-187. <\/span><\/a><\/li>\n<li style=\"text-align: justify;\"><a href=\"https:\/\/www.sciencedirect.com\/science\/article\/abs\/pii\/S0008621518304956\" target=\"_blank\" rel=\"noopener noreferrer\">Porci\u00fancula Gonz\u00e1lez, C.; Cagnoni, A. J.; Mari\u00f1o, K. V.; Fontana, C.; Saenz-M\u00e9ndez, P.; Irazoqui, G.; Giacomini, C. Enzymatic synthesis of non-natural trisaccharides and galactosides; Insights of their interaction with galectins as a function of their structure.\u00a0<em>Carbohydr. Res.<\/em> <strong>2018<\/strong>,\u00a0<i>472<\/i>, 1-15.<\/a><\/li>\n<li style=\"text-align: justify;\"><a href=\"https:\/\/link.springer.com\/article\/10.1007\/s00775-018-1613-1\" target=\"_blank\" rel=\"noopener noreferrer\">Scalese, G; Machado, I; Fontana, C; Risi, G; Salinas, G; P\u00e9rez-D\u00edaz, L; Gambino, D. New heteroleptic oxidovanadium(V) complexes: synthesis, characterization and biological evaluation as potential agents against Trypanosoma cruzi. <em>J. Biol. Inorg Chem.<\/em> <strong>2018<\/strong>,\u00a0<i>23<\/i>, 1265-1281.<\/a><\/li>\n<li style=\"text-align: justify;\"><a href=\"https:\/\/link.springer.com\/article\/10.1007\/s42398-018-0007-1\" target=\"_blank\" rel=\"noopener noreferrer\">Montagni, T; Enciso, P.; Marizcurrena, J. J.; Castro-Sowinski, S.; Fontana, C.; Davyt, D.; Cerd\u00e1, M. F. Dye sensitized solar cells based on Antarctic Hymenobacter sp. UV11 dyes. <em>Environ. Sustainability<\/em>, <strong>2018<\/strong>, <em>1<\/em>, 89-97.<\/a><\/li>\n<li style=\"text-align: justify;\"><a href=\"https:\/\/www.sciencedirect.com\/science\/article\/pii\/S0040403918303198\" target=\"_blank\" rel=\"noopener noreferrer\">Eugui, M.; Rasquin, K.; L\u00f3pez, A.; Suescun, L.; Moyna, G.; A Diels-Alder reaction \/ oxa-Michael addition \/ acyloin rearrangement cascade on tropolonic substrates.\u00a0<i>Tetrahedron\u00a0Letters<\/i>.<wbr \/>\u00a0<b>2018<\/b>,\u00a0<i>59<\/i>, 1560-1563.<\/a><\/li>\n<li style=\"text-align: justify;\"><a href=\"https:\/\/www.sciencedirect.com\/science\/article\/abs\/pii\/S0020751916000370?via=ihub\" target=\"_blank\" rel=\"noopener noreferrer\">del Puerto, L.; Rovetta, R.; Navatta, M.; Fontana, C.; Lin, G.; Moyna, G.; Dematteis, S.; Brehm, K.; Koziol, U.; Ferreira, F.; D\u00edaz, A. Negligible elongation of mucin glycans with Gal\u202fb1-3 units distinguishes the laminated layer of <i>Echinococcus multilocularis<\/i> from that of <i>Echinococcus granulosu<\/i>s. <i>Int. J. Parasitol.<\/i>\u00a0<b>2016<\/b>,\u00a0<i>46<\/i>, 311\u2013321.<\/a><\/li>\n<li style=\"text-align: justify;\"><a href=\"https:\/\/journals.sagepub.com\/doi\/10.1177\/1934578X1601101104\">Reina, L.; Bottini, G.; Bennadji, Z.; Vinciguerra, V.;\u00a0Ferreira, F.; Menendez, P.; Moyna, G.\u00a0Aggregation Behavior of\u00a06-Isocassine and\u00a0N\u2011Methyl\u20116\u2011Isocassine:\u00a0<wbr \/>Structural Insights into the\u00a0Biological Mode of Action of Piperidine Alkaloids.\u00a0<i>Nat. Prod. Commun<\/i>.\u00a0<b>2016<\/b>,\u00a0<i>11<\/i>, 1641-1644.<\/a><\/li>\n<li style=\"text-align: justify;\"><a href=\"https:\/\/www.tandfonline.com\/doi\/abs\/10.1080\/14786419.2016.1149709?journalCode=gnpl20\">Olivaro, C.; Rostan, V.; Bandera, D.; Moyna, G.; Vazquez,\u00a0A.\u00a0Sesquiterpene lactones from the flowers and roots of\u00a0Xanthium cavanillesii.\u00a0<i>Nat.\u00a0Prod. Res<\/i>.\u00a0<b>2016<\/b>, 30, 2238-2242<\/a>.<\/li>\n<li style=\"text-align: justify;\">Tabarez, C.; L\u00f3pez, A.; Moyna, G. Use of Cycloaddition\u00a0Reactions and Photochemical Transformations in the Preparation of\u00a0Bicylo[4.1.0]heptane Derivatives.\u00a0<i>Tetrahedron\u00a0Lett<\/i>.<wbr \/>\u00a0<b>2016<\/b>,\u00a0<i>57<\/i>, 1515-1517.<\/li>\n<li style=\"text-align: justify;\">Reina, L.; Bennadji, Z.; Vinciguerra, V.; Ferreira, F.;\u00a0Moyna, G.; Menendez, P. Isolation and Structural Characterization of New Piperidine\u00a0Alkaloids from\u00a0Prosopis affinis.\u00a0<i>Pytochem. Lett<\/i>.\u00a0<b>2015<\/b>, <i>14<\/i>, 265-269.<\/li>\n<li style=\"text-align: justify;\">Khrizman, A.; Cheng,\u00a0H. Y.; Bottini, G.; Moyna, G. Observation of Aliphatic C-H\u00b7\u00b7\u00b7X Hydrogen Bonds\u00a0in Imidazolium Ionic Liquids.\u00a0<i>Chem.\u00a0Commun<\/i>.\u00a0<b>2015<\/b>,\u00a0<i>5<wbr \/>1<\/i>, 3193-3195.<\/li>\n<li style=\"text-align: justify;\">Galan, J. F.; Tang, C.\u00a0N.; Chakrabarty, S.; Liu, Z.; Moyna, G.; Pophristic, V. Conformational\u00a0Preferences of Furan- and Thiophene-based Arylmides: A Combined Computational\u00a0and\u00a0Experimental Study.\u00a0<i>Phys. Chem. Chem.\u00a0Phys<\/i>.\u00a0<b>2013<\/b>,\u00a0<i>15<\/i>, 11883\u201111892.<\/li>\n<li style=\"text-align: justify;\">Chakrabarty, S.;\u00a0Croft, M. S.; Marko, M. G.; Moyna, G. Synthesis and evaluation as potential\u00a0anticancer agents of novel tetracyclic indenoquinoline derivatives.\u00a0<i>Bioorg. Med. Chem<\/i>.\u00a0<b>2013<\/b>,\u00a0<i>21<\/i>, 1143-1149.<\/li>\n<li style=\"text-align: justify;\">Tabarez, C.; Khrizman,\u00a0A.; Moyna, P.; Moyna, G. Mechanistic Studies of the Formation of Functionalized\u00a0Cyclopropanes through Photoconversion of Tropolone Diels\u2011Alder Adducts.\u00a0<i>Tetrahedron<\/i>\u00a0<b>2012<\/b>,\u00a0<i>68<\/i>, 8622-8629.<\/li>\n<li style=\"text-align: justify;\">Heguaburu, V.; Franco,\u00a0J.; Reina, L.; Tabarez, C.; Moyna, G.; Moyna, P. Dehydration of Carbohydrates\u00a0to 2-Furaldehydes in Ionic Liquids by Catalysis with Ion Exchange Resins.\u00a0<i>Catal.\u00a0Commun<\/i>.\u00a0<b>2012<\/b>, <i>27<\/i>, 88-91.<\/li>\n<\/ul>\n\n\n<\/div>\n","protected":false},"excerpt":{"rendered":"<div class=\"entry-summary\" itemprop=\"text\">\n<p>Integrantes Dr. Guillermo Moyna, Profesor\u00a0Titular Dra. Carolina Fontana, Profesora Agregada Q.F. Andr\u00e9s L\u00f3pez, Asistente y Estudiante de\u00a0Doctorado B.C.\u00a0Luc\u00eda Bergalli, Asistente y Estudiante de Doctorado Qca. Macarena Eugui, Asistente\u00a0y Estudiante de Doctorado Lic. Alim. Sylvia Cuchman,\u00a0Asistente y Estudiante de Doctorado Cecilia Perez, Asistente y Estudiante\u00a0de Qu\u00edmico Agr\u00edcola y Medio Ambiente Valeria Lucero, Ayudante y Estudiante\u00a0de Qu\u00edmico &#8230;<\/p>\n\n<\/div>\n","protected":false},"author":1,"featured_media":562,"parent":18,"menu_order":0,"comment_status":"closed","ping_status":"closed","template":"","meta":{"footnotes":""},"class_list":["post-201","page","type-page","status-publish","has-post-thumbnail","hentry","entry-lead"],"_links":{"self":[{"href":"https:\/\/dql.cup.edu.uy\/index.php\/wp-json\/wp\/v2\/pages\/201","targetHints":{"allow":["GET"]}}],"collection":[{"href":"https:\/\/dql.cup.edu.uy\/index.php\/wp-json\/wp\/v2\/pages"}],"about":[{"href":"https:\/\/dql.cup.edu.uy\/index.php\/wp-json\/wp\/v2\/types\/page"}],"author":[{"embeddable":true,"href":"https:\/\/dql.cup.edu.uy\/index.php\/wp-json\/wp\/v2\/users\/1"}],"replies":[{"embeddable":true,"href":"https:\/\/dql.cup.edu.uy\/index.php\/wp-json\/wp\/v2\/comments?post=201"}],"version-history":[{"count":63,"href":"https:\/\/dql.cup.edu.uy\/index.php\/wp-json\/wp\/v2\/pages\/201\/revisions"}],"predecessor-version":[{"id":4420,"href":"https:\/\/dql.cup.edu.uy\/index.php\/wp-json\/wp\/v2\/pages\/201\/revisions\/4420"}],"up":[{"embeddable":true,"href":"https:\/\/dql.cup.edu.uy\/index.php\/wp-json\/wp\/v2\/pages\/18"}],"wp:featuredmedia":[{"embeddable":true,"href":"https:\/\/dql.cup.edu.uy\/index.php\/wp-json\/wp\/v2\/media\/562"}],"wp:attachment":[{"href":"https:\/\/dql.cup.edu.uy\/index.php\/wp-json\/wp\/v2\/media?parent=201"}],"curies":[{"name":"wp","href":"https:\/\/api.w.org\/{rel}","templated":true}]}}