{"id":193,"date":"2016-12-01T14:20:13","date_gmt":"2016-12-01T17:20:13","guid":{"rendered":"http:\/\/server.paap.cup.edu.uy\/wordpress_dql\/?page_id=193"},"modified":"2022-05-12T08:07:26","modified_gmt":"2022-05-12T11:07:26","slug":"laboratorio-de-analisis-de-compuestos-traza","status":"publish","type":"page","link":"https:\/\/dql.cup.edu.uy\/index.php\/investigacion\/laboratorio-de-analisis-de-compuestos-traza\/","title":{"rendered":"Laboratorio de An\u00e1lisis de Compuestos Traza"},"content":{"rendered":"<div class=\"entry-content\" itemprop=\"text\">\n<h3 style=\"text-align: left;\">Integrantes<\/h3>\n<p align=\"left\"><span style=\"font-family: 'Open Sans', sans-serif;\"><span style=\"color: #333333;\"><span style=\"font-size: medium;\"><i>Dr. Horacio Heinzen, Profesor Titular<br \/>\nDra. Ver\u00f3nica Cesio, Profesor Agregado<br \/>\nDra. Luc\u00eda Pareja, Profesor\u00a0Agregado<br \/>\nDra. Silvina Niell, Profesor Adjunto<br \/>\nDra.\u00a0Natalia Besil, Profesor Adjunto<br \/>\nLic. Sof\u00eda Rezende, Asistente y Estudiante de Posgrado<br \/>\nQca. Florencia Jes\u00fas, Ayudante, Estudiante de Posgrado<br \/>\n<\/i><\/span><\/span><span style=\"color: #333333;\"><span style=\"font-size: medium;\"><i>Qca. In\u00e9s Telles, Ayudante, Estudiante de Posgrado<\/i><\/span><\/span><span style=\"color: #333333;\"><span style=\"font-size: medium;\"><i><br \/>\nQca. Bel\u00e9n Taborda, Ayudante<br \/>\nDra. Vet. Florencia Puigvert, Estudiante de posgrado<br \/>\nLic.\u00a0Agustina Muela, Ayudante, Estudiante de Posgrado<br \/>\nLic.\u00a0Fiamma Peque\u00f1o, Ayudante, Estudiante de Posgrado<br \/>\nLic. Paula\u00a0Fern\u00e1ndez, Estudiante de posgrado<br \/>\nLic. Esteb\u00e1n Carbajal, Estudiante de posgrado<br \/>\nMar\u00eda Noel Alonzo, Ayudante, Estudiante de Qu\u00edmico Agr\u00edcola y Medio Ambiente<br \/>\nT.Q Lucas Archondo<br \/>\nMSc. Marcos Colazzo, Asistente<br \/>\nQco. Rodrigo Souza, Ayudante y Estudiante de Posgrado<br \/>\n<\/i><\/span><\/span><\/span><\/p>\n<p style=\"text-align: left;\"><i><\/p>\n<p><\/i><\/p>\n<p style=\"text-align: left;\">\n<p style=\"text-align: left;\">\n<h3>Infraestructura<\/h3>\n<p style=\"text-align: justify;\">Se dispone de la infraestructura necesaria para el an\u00e1lisis completo de compuestos org\u00e1nicos traza y productos naturales en matrices de diverso origen. Esta consiste en dos laboratorios, uno h\u00famedo moderno y bien equipado para la preparaci\u00f3n miniaturizada de muestras y otro con instrumental sofisticado como cromat\u00f3grafos\u00a0l\u00edquidos y gaseosos acoplados a detectores de alta sensibilidad: GC-MS\/ECD, LC-MS\/MS (4000 Qtrap). La combinaci\u00f3n de ambos equipos permite realizar determinaciones anal\u00edticas cuantitativas y cualitativas de trazas a niveles de microgramo por kilogramo.\u00a0Los equipos se emplean tanto en investigaci\u00f3n como en brindar asesoramiento exclusivo en el pa\u00eds a diversas cadenas agropecuarias, evaluar el impacto ambiental y la inocuidad de los productos agroalimentarios y agroindustriales que ellas producen.<\/p>\n<h3><\/h3>\n<p><a name=\"ANCLA1\"><\/a><\/p>\n<h3>L\u00edneas de Investigaci\u00f3n<\/h3>\n<p style=\"text-align: justify;\">Aplicaci\u00f3n de la espectrometr\u00eda de masas acoplada a t\u00e9cnicas cromatogr\u00e1ficas para la detecci\u00f3n de compuestos traza. El \u00e1rea de trabajo se centra en la determinaci\u00f3n de contaminantes org\u00e1nicos, fundamentalmente residuos de pesticidas, en el \u00e1rea de nutrac\u00e9uticos y en metabol\u00f3mica vegetal.<\/p>\n<ul>\n<li>\n<p style=\"text-align: justify;\"><strong>Estudio de la sustentabilidad de agroecosistemas y su relaci\u00f3n con el uso de agroqu\u00edmicos empleando un enfoque multidisciplinario (qu\u00edmico, agron\u00f3mico, ecotoxicol\u00f3gico)<\/strong><\/p>\n<\/li>\n<\/ul>\n<p style=\"padding-left: 40px; text-align: justify;\">Desarrollo de metodolog\u00edas anal\u00edticas \u00a0y bioensayos originales\u00a0 en matrices complejas.<\/p>\n<p style=\"padding-left: 40px; text-align: justify;\">Desarrollo de metodolog\u00edas de monitoreo y de \u00edndices qu\u00edmicos, f\u00edsicos, biol\u00f3gicos e integrados para la evaluaci\u00f3n de la sostenibilidad de los agroecosistemas.<\/p>\n<p style=\"padding-left: 40px; text-align: justify;\">Desarrollo e implementaci\u00f3n de modelos estad\u00edsticos e inform\u00e1ticos para evaluar impactos.<\/p>\n<ul style=\"text-align: justify;\">\n<li><strong>Estudio de la inocuidad de los alimentos en relaci\u00f3n a su contenido de residuos de pesticidas y su din\u00e1mica a lo largo del procesamiento<\/strong><\/li>\n<\/ul>\n<p style=\"padding-left: 40px; text-align: justify;\">Desarrollo de metodolog\u00edas anal\u00edticas\u00a0 originales\u00a0 en matrices alimentarias complejas.<\/p>\n<ul style=\"text-align: justify;\">\n<li><strong>B\u00fasqueda de tecnolog\u00edas ambientalmente amigables para disminuir la contaminaci\u00f3n por pesticidas.<\/strong><\/li>\n<\/ul>\n<p style=\"padding-left: 40px; text-align: justify;\">Evaluaci\u00f3n de m\u00e9todos qu\u00edmicos y fotoqu\u00edmicos para remediaci\u00f3n de efluentes conteniendo pesticidas.<\/p>\n<p style=\"padding-left: 40px; text-align: justify;\">Biorremediaci\u00f3n de sitios puntalmente contaminados por pesticidas.<\/p>\n<h3 style=\"text-align: justify;\"><\/h3>\n<h3>Proyectos<\/h3>\n<ul>\n<li style=\"text-align: justify;\">Variables de ajustes en tecnolog\u00edas de la aplicaci\u00f3n y manejo para la optimizaci\u00f3n de la efectividad de herbicidas de tipo desecantes<\/li>\n<li style=\"text-align: justify;\"><span style=\"font-size: 12pt;\">Estudio interdisciplinario sobre la inocuidad en grano de cebada<\/span><\/li>\n<li style=\"text-align: justify;\"><span style=\"font-size: 12pt;\">B\u00fasqueda de metodolog\u00edas de extracci\u00f3n amigables con el ambiente para la extracci\u00f3n del colorante indigo a partir de\u00a0Indigofera Suffruticosa<\/span><\/li>\n<li style=\"text-align: justify;\"><span style=\"font-size: 12pt;\">Determinaci\u00f3n de la Aptitud para el consumo de peces del R\u00edo Uruguay<\/span><\/li>\n<li style=\"text-align: justify;\"><span style=\"font-size: 12pt;\">Cuantificaci\u00f3n de la deriva de clomazone en cultivos de arroz y verificaci\u00f3n de medidas de mitigaci\u00f3n<\/span><\/li>\n<li style=\"text-align: justify;\"><span style=\"font-size: 12pt;\">Estudio de la residualidad de agroqu\u00edmicos en la cadena citr\u00edcola<\/span><\/li>\n<li style=\"text-align: justify;\"><span style=\"font-size: 12pt;\">Estudio de la distribuci\u00f3n de residuos de agroqu\u00edmicos en productos de la colmena y su relaci\u00f3n con las zonas de producci\u00f3n ap\u00edcola del pa\u00eds.<\/span><\/li>\n<li style=\"text-align: justify;\"><span style=\"font-size: 12pt;\">Desarrollo de un Biomonitor a partir de la colmena y sus productos.<\/span><\/li>\n<li style=\"text-align: justify;\"><span style=\"font-size: 12pt;\">Variables de ajustes en tecnolog\u00edas de aplicaci\u00f3n y manejo para la optimizaci\u00f3n de la efectividad de herbicidas tipo desecantes<\/span><\/li>\n<li style=\"text-align: justify;\"><span style=\"font-size: 12pt;\">Contribuci\u00f3n a la sustentabilidad e inocuidad en la cadena agr\u00edcola- ganadera, estudio de composici\u00f3n y contaminantes org\u00e1nicos de los productos c\u00e1rnicos y evaluaci\u00f3n de la transferencia de contaminantes en la cadena de producci\u00f3n de los mismos.<\/span><\/li>\n<li style=\"text-align: justify;\"><span style=\"font-size: 12pt;\">Estudio del efecto residual y de la persistencia de insecticidas utilizados en soja para el control de <em>Rachiplusia nu<\/em><\/span><\/li>\n<li style=\"text-align: justify;\"><span style=\"font-size: 12pt;\">Determinaci\u00f3n de la relaci\u00f3n entre observaciones ecotoxicologicas y la distribuci\u00f3n de pesticidas en macronivertebrados acu\u00e1ticos.<\/span><\/li>\n<li style=\"text-align: justify;\"><span style=\"font-size: 12pt;\">Evaluaci\u00f3n de procesos verdes: fotocat\u00e1lisis solar y bioremediaci\u00f3n para la remediaci\u00f3n en efluentes de la industria c\u00edtrica que contienen pesticidas.<\/span><\/li>\n<\/ul>\n<h3 style=\"text-align: justify;\"><\/h3>\n<h3>Publicaciones<\/h3>\n<ul>\n<li><a href=\"https:\/\/www.sciencedirect.com\/science\/article\/pii\/S0304423818309361\" target=\"_blank\" rel=\"noopener noreferrer\">Besil, N., P\u00e9rez-Parada, A., Bologna, F., Cesio, M. V., Rivas, F., &amp; Heinzen, H. Dissipation of selected insecticides and fungicides applied during pre-harvest on mandarin and orange trees in Uruguay. <em>Scientia Horticulturae<\/em>, <strong>2019<\/strong>, 248, 34-40.<\/a><\/li>\n<li>Jes\u00fas, F; Peque\u00f1o, F; G\u00e9rez-Garc\u00eda, N; Niell, S; Cesio, MV; Heinzen, H. Implementaci\u00f3n de un m\u00e9todo para el an\u00e1lisis de glifosato en miel por LC-MS\/MS, utilizando QuPPe para la preparaci\u00f3n de muestra. <em>Innotec<\/em>. <strong>2018<\/strong>, 17, 66-77.<\/li>\n<li><a href=\"https:\/\/www.tandfonline.com\/doi\/abs\/10.1080\/03067319.2018.1551530\" target=\"_blank\" rel=\"noopener noreferrer\">Colazzo, M., Pareja, L., Cesio, M. V., &amp; Heinzen, H. Multi-residue method for trace pesticide analysis in soils by LC-QQQ-MS\/MS and its application to real samples. <em>International Journal of Environmental Analytical Chemistry<\/em>, <strong>2018<\/strong>, 98(14), 1292-1308.<\/a><\/li>\n<li>Besil, N., Cesio, V., Luque, E., Pintos, P., Rivas, F., &amp; Heinzen, H. Dissipation of Pre-Harvest Pesticides on \u2018Clementine\u2019 Mandarins after Open Field Application, and Their Persistence When Stored under Conventional Postharvest Conditions. <em>Horticulturae<\/em>, <strong>2018<\/strong>, 4(4), 55.<\/li>\n<li><a href=\"https:\/\/www.sciencedirect.com\/science\/article\/pii\/S1470160X18301833\" target=\"_blank\" rel=\"noopener noreferrer\">Niell, S., Jes\u00fas, F., D\u00edaz, R., Mendoza, Y., Notte, G., Santos, E., Heinzen, H. Beehives biomonitor pesticides in agroecosystems: Simple chemical and biological indicators evaluation using Support Vector Machines (SVM). <em>Ecological Indicators<\/em>, <strong>2018<\/strong>, 91, 149-154.<\/a><\/li>\n<li><a href=\"https:\/\/www.sciencedirect.com\/science\/article\/pii\/S0048969718307204\" target=\"_blank\" rel=\"noopener noreferrer\">Ernst, F., Alonso, B., Colazzo, M., Pareja, L., Cesio, V., Pereira, A., M\u00e1rquez, A., Errico, E., Segura, A.M., P\u00e9rez-Parada, A. Occurrence of pesticide residues in fish from south American rainfed agroecosystems. <em>Science of the Total Environment<\/em>, <strong>2018<\/strong>, 631-632, 169-179.<\/a><\/li>\n<li>Taborda, B.; Telles, IR; Pareja, L; Niell, S; Jes\u00fas, F; L\u00f3pez, A. Comparaci\u00f3n de diferentes m\u00e9todos de extracci\u00f3n para la determinaci\u00f3n del perfil lip\u00eddico en semillas de quinoa. <em>Innotec<\/em>. <strong>2018<\/strong>, 17, 78-87.<\/li>\n<li>\n<div style=\"text-align: justify;\">Besil, N.; Peque\u00f1o, F.; Alonzo, N.; Hladki, R.; Cesio, V.; Heinzen, H. Evaluation of different QuEChERS procedures for pesticide residues determination in calendula\u00a0officinalis (L) inflorescences.\u00a0<i>Journal of Applied Research on Medicinal and Aromatic\u00a0<\/i><i>Plants.\u00a0<\/i><b>2017<\/b>, 7, 143-148.<\/div>\n<\/li>\n<li>\n<div style=\"text-align: justify;\">Niell, S.; Besil, N.; Colazzo, M.; Cesio, V.; Heinzen, H.\u00a0QuEChERS and other MRM sample preparation methods: SPE, SPME,DLLME, SBSE, ASE, MAE, SFE. <i>Multiresidue Methods for the Analysis of Pesticide Residues in Food, <\/i><i> CRC Press.<\/i>\u00a0<b>2017<\/b>, 1, 131-168.<\/div>\n<\/li>\n<li>\n<div style=\"text-align: justify;\">Jes\u00fas, F.; Hladki, R.; G\u00e9rez, N.; Besil, N.; Niell, S.; Fern\u00e1ndez, G.; Heinzen, H., Cesio,V. Miniaturized QuEChERS based methodology for multiresidue determination of\u00a0pesticides in odonate nymphs as ecosystem biomonitors.\u00a0<i>Talanta<\/i>.\u00a0<b>2017<\/b>, 178\u00a0<i>(1)<\/i>, 410-418.<\/div>\n<\/li>\n<li>\n<div style=\"text-align: justify;\">Pareja, L., Lozano, A.,\u00a0<span lang=\"EN-US\">Most common sample preparation methods for pesticide residue analysis; Ethyl acetate method, mini Luke and Matrix Solid Phase Dispersion.\u00a0<\/span><span lang=\"EN-US\"><em>Multiresidue Methods for the Analysis of Pesticide Residues in Food<\/em>, <em>CRC Press.\u00a0<\/em><strong>2017<\/strong>, 1, 53-98.<\/span><\/div>\n<\/li>\n<li style=\"text-align: justify;\">Abbate, S.; Colazzo, M.; Fonsal\u00eda, A.; Heinzen, H.; Heinzen, J.; Niell, S.; Pareja, L.; Rodriguez, N.; Villar, A. <em>Agroqu\u00edmicos, salud laboral y ambiental. Di\u00e1logo de saberes y b\u00fasqueda de alternativas en una comunidad urbana del litoral del pa\u00eds.\u00a0<\/em>CSIC: Montevideo<em>,<\/em>\u00a0<strong>2017<\/strong>.<\/li>\n<li style=\"text-align: justify;\">Besil, N.;<span lang=\"ES\">\u00a0 Cesio, V.; Heinzen, H.; R. Fern\u00e1ndez-Alba, A.\u00a0<\/span>Matrix effects and interferences of different citrus fruits coextractives in pesticide residue analysis using ultra highperformance liquid chromatography\u2013high resolution mass spectrometry.\u00a0<i>Journal of Agricultural and Food Chemistry.\u00a0<\/i><b>2017<\/b>. 65 (23)\u00a04819-4829.<\/li>\n<li style=\"text-align: justify;\">Besil, N.; Perez-Parada, A.; Cesio MV.; Varela, P.; Rivas, F.; Heinzen, H. Degradation of imazalil, orthophenylphenol and pyrimethanil in Clementine mandarins under conventional postharvest industrial conditions at 4\u00b0C. <em>Food Chemistry. <\/em><strong>2016<\/strong><em>, 194 (1)<\/em>, 1132-1137.<\/li>\n<li style=\"text-align: justify;\">Perez-Parada, A.; Alonso, B.; Rodriguez, C.; Besil, N.; Cesio, V.; Heinzen, H. Evaluation of Three Multiresidue Methods for the Determination of Pesticides in Marijuana (Cannabis sativa L.) with Liquid Chromatography-Tandem Mass Spectrometry. <em>Chromatographia. <\/em><strong>2016<\/strong><em>, 79<\/em>, 1069-1083.<\/li>\n<li style=\"text-align: justify;\">Niell, S.; Gerez, N.; Jes\u00fas, F.; Cesio, V.; Heinzen, H. Case Study: Beehive Devastation by Microencapsulated Parathion-Methyl. <em>Chromatographia. <\/em><strong>2016<\/strong><em>, 79,<\/em> 1085-1090.<\/li>\n<li style=\"text-align: justify;\">Niell, S.; Jes\u00fas, F.; P\u00e9rez, C.; Mendoza, Y.; D\u00edaz, R.; Franco, J. QuEChERS Adaptability for the Analysis of Pesticide Residues in Beehive Products Seeking the Development of an Agroecosystem Sustainability Monitor. <em>Journal of Agricultural and Food Chemistry. <\/em><strong>2015<\/strong><em>, 63<\/em>, 4484-4492.<\/li>\n<li style=\"text-align: justify;\">P\u00e9rez, N.; Jes\u00fas, F.; P\u00e9rez, C.; Niell, S.; Draper, A.; Obrusnik, N. Continuous monitoring of beehives\u2019 sound for environmental pollution control. <em>Ecological Engineering. <\/em><strong>2016<\/strong><em>, 90<\/em>, 326-330.<\/li>\n<li style=\"text-align: justify;\">Perez-Parada, A.; Pareja, L.; Besil, N.; Colazzo, M.; Cesio, V.; Niell, S.; Heinzen, H. Analysis of Organophosphorus Insecticides in Foods, Handbook of Food Analysis.\u00a0<em>Techset Composition Indiav.<\/em><strong> 2015,<\/strong><em>\u00a02 (3),<\/em> 181\u2013201.<\/li>\n<li style=\"text-align: justify;\">Souza, R.; Pareja, L.; Cesio, MV.; Heinzen, H. Development of a straightforward and cheap ethyl acetate based method for the simultaneous determination of pesticides and veterinary drugs residues in bovine liver and muscle. <em>Chomatographia. <\/em><strong>2015<\/strong><em>, 79,<\/em> 1101-1112.<\/li>\n<li style=\"text-align: justify;\">Pareja, L.; Niell, S.; Vryzas, Z.; Gonz\u00e1lez, J.; Cesio, V.; Mourkidou, EP.; Heinzen, H. Comparison and evaluation of two methods for the pesticide residue analysis of organophosphates in yerba mate. <em>Revista Brasileira de Farmacognosia.\u00a0<\/em><strong>2015<\/strong><em>,\u00a025 (2)<\/em>, 98-104.<\/li>\n<li style=\"text-align: justify;\">Niell, S.; Cesio, V.; Hepperle, J.; Doerk, D.; Kirsch, L.; Kolberg, D. QuEChERS-based method for the multiresidue analysis of pesticides in beeswax by LC-MS\/MS and GC\u00d7GC-TOF.<em> Journal of Agricultural and Food Chemistry. <\/em><strong>2014<\/strong><em>, 62,<\/em>\u00a03675-3683.<\/li>\n<\/ul>\n\n\n<\/div>\n","protected":false},"excerpt":{"rendered":"<div class=\"entry-summary\" itemprop=\"text\">\n<p>Integrantes Dr. Horacio Heinzen, Profesor Titular Dra. Ver\u00f3nica Cesio, Profesor Agregado Dra. Luc\u00eda Pareja, Profesor\u00a0Agregado Dra. Silvina Niell, Profesor Adjunto Dra.\u00a0Natalia Besil, Profesor Adjunto Lic. Sof\u00eda Rezende, Asistente y Estudiante de Posgrado Qca. Florencia Jes\u00fas, Ayudante, Estudiante de Posgrado Qca. In\u00e9s Telles, Ayudante, Estudiante de Posgrado Qca. Bel\u00e9n Taborda, Ayudante Dra. Vet. Florencia Puigvert, Estudiante &#8230;<\/p>\n\n<\/div>\n","protected":false},"author":1,"featured_media":560,"parent":18,"menu_order":0,"comment_status":"closed","ping_status":"closed","template":"","meta":{"footnotes":""},"class_list":["post-193","page","type-page","status-publish","has-post-thumbnail","hentry","entry-lead"],"_links":{"self":[{"href":"https:\/\/dql.cup.edu.uy\/index.php\/wp-json\/wp\/v2\/pages\/193","targetHints":{"allow":["GET"]}}],"collection":[{"href":"https:\/\/dql.cup.edu.uy\/index.php\/wp-json\/wp\/v2\/pages"}],"about":[{"href":"https:\/\/dql.cup.edu.uy\/index.php\/wp-json\/wp\/v2\/types\/page"}],"author":[{"embeddable":true,"href":"https:\/\/dql.cup.edu.uy\/index.php\/wp-json\/wp\/v2\/users\/1"}],"replies":[{"embeddable":true,"href":"https:\/\/dql.cup.edu.uy\/index.php\/wp-json\/wp\/v2\/comments?post=193"}],"version-history":[{"count":46,"href":"https:\/\/dql.cup.edu.uy\/index.php\/wp-json\/wp\/v2\/pages\/193\/revisions"}],"predecessor-version":[{"id":3801,"href":"https:\/\/dql.cup.edu.uy\/index.php\/wp-json\/wp\/v2\/pages\/193\/revisions\/3801"}],"up":[{"embeddable":true,"href":"https:\/\/dql.cup.edu.uy\/index.php\/wp-json\/wp\/v2\/pages\/18"}],"wp:featuredmedia":[{"embeddable":true,"href":"https:\/\/dql.cup.edu.uy\/index.php\/wp-json\/wp\/v2\/media\/560"}],"wp:attachment":[{"href":"https:\/\/dql.cup.edu.uy\/index.php\/wp-json\/wp\/v2\/media?parent=193"}],"curies":[{"name":"wp","href":"https:\/\/api.w.org\/{rel}","templated":true}]}}